{"id":1715,"date":"2023-01-07T16:31:41","date_gmt":"2023-01-07T16:31:41","guid":{"rendered":"http:\/\/lildamed.hu\/fogorvos\/?page_id=1715"},"modified":"2026-01-19T18:42:47","modified_gmt":"2026-01-19T18:42:47","slug":"lildamed-fogorvosi-rendelo-arak-fogszabalyozas-tomes-hej-fogpotlas","status":"publish","type":"page","link":"http:\/\/lildamed.hu\/fogorvos\/lildamed-fogorvosi-rendelo-arak-fogszabalyozas-tomes-hej-fogpotlas\/","title":{"rendered":"\u00c1rak"},"content":{"rendered":"<p>Lildamed Fogorvosi Rendel\u0151 \u00c1rak<a href=\"http:\/\/lildamed.hu\/fogorvos\/wp-content\/uploads\/2020\/06\/lildamed-02.png\"><img decoding=\"async\" loading=\"lazy\" class=\" wp-image-1216 alignright\" src=\"http:\/\/lildamed.hu\/fogorvos\/wp-content\/uploads\/2020\/06\/lildamed-02.png\" alt=\"\" width=\"171\" height=\"77\" srcset=\"http:\/\/lildamed.hu\/fogorvos\/wp-content\/uploads\/2020\/06\/lildamed-02.png 593w, http:\/\/lildamed.hu\/fogorvos\/wp-content\/uploads\/2020\/06\/lildamed-02-300x136.png 300w\" sizes=\"(max-width: 171px) 100vw, 171px\" \/><\/a><\/p>\n<p><a href=\"https:\/\/www.chatbase.co\/chatbot-iframe\/NTwxskpG_O2ifB4Xtu507\">K\u00e9rdezze AI \u00dcgyf\u00e9lszolg\u00e1latunkat!<\/a><\/p>\n<h3><a href=\"https:\/\/www.chatbase.co\/chatbot-iframe\/NTwxskpG_O2ifB4Xtu507\"><img decoding=\"async\" loading=\"lazy\" class=\"alignleft wp-image-2247\" src=\"http:\/\/lildamed.hu\/fogorvos\/wp-content\/uploads\/2026\/01\/Lildamed-AI-Asszisztens-1024x683.png\" alt=\"\" width=\"272\" height=\"182\" srcset=\"http:\/\/lildamed.hu\/fogorvos\/wp-content\/uploads\/2026\/01\/Lildamed-AI-Asszisztens-1024x683.png 1024w, http:\/\/lildamed.hu\/fogorvos\/wp-content\/uploads\/2026\/01\/Lildamed-AI-Asszisztens-300x200.png 300w, http:\/\/lildamed.hu\/fogorvos\/wp-content\/uploads\/2026\/01\/Lildamed-AI-Asszisztens-768x512.png 768w, http:\/\/lildamed.hu\/fogorvos\/wp-content\/uploads\/2026\/01\/Lildamed-AI-Asszisztens.png 1536w\" sizes=\"(max-width: 272px) 100vw, 272px\" \/><\/a><\/h3>\n<p>Az al\u00e1bbi fog\u00e1szati \u00e1rlista <strong>t\u00e1j\u00e9koztat\u00f3 jelleg\u0171<\/strong>, \u00e9s a leggyakoribb fog\u00e1szati kezel\u00e9seket tartalmazza.<\/p>\n<p style=\"font-weight: 400;\">R\u00e9szletes, szem\u00e9lyre szabott \u00e1raj\u00e1nlatot szakorvosi konzult\u00e1ci\u00f3 \u00e9s vizsg\u00e1lat ut\u00e1n tudunk adni.<\/p>\n<p>\u00a0<\/p>\n<p><b><a href=\"http:\/\/lildamed.hu\/fogorvos\/wp-content\/uploads\/2025\/03\/Fogfeherites-akcio-Lildamed-Fogorvosi-Rendelo-qr.jpg\"><img decoding=\"async\" loading=\"lazy\" class=\" wp-image-2047 alignleft\" src=\"http:\/\/lildamed.hu\/fogorvos\/wp-content\/uploads\/2025\/03\/Fogfeherites-akcio-Lildamed-Fogorvosi-Rendelo-qr-1024x731.jpg\" alt=\"\" width=\"454\" height=\"324\" srcset=\"http:\/\/lildamed.hu\/fogorvos\/wp-content\/uploads\/2025\/03\/Fogfeherites-akcio-Lildamed-Fogorvosi-Rendelo-qr-1024x731.jpg 1024w, http:\/\/lildamed.hu\/fogorvos\/wp-content\/uploads\/2025\/03\/Fogfeherites-akcio-Lildamed-Fogorvosi-Rendelo-qr-300x214.jpg 300w, http:\/\/lildamed.hu\/fogorvos\/wp-content\/uploads\/2025\/03\/Fogfeherites-akcio-Lildamed-Fogorvosi-Rendelo-qr-768x548.jpg 768w, http:\/\/lildamed.hu\/fogorvos\/wp-content\/uploads\/2025\/03\/Fogfeherites-akcio-Lildamed-Fogorvosi-Rendelo-qr.jpg 1136w\" sizes=\"(max-width: 454px) 100vw, 454px\" \/><\/a>Fogfeh\u00e9r\u00edt\u00e9s akci\u00f3:<\/b><\/p>\n<ol>\n<li><strong>Rendel\u0151i Zoom fogfeh\u00e9r\u00edt\u00e9s<\/strong> 2<strong>0%<\/strong> kedvezm\u00e9ny <strong>+ aj\u00e1nd\u00e9k<\/strong> fogk\u0151 elt\u00e1vol\u00edt\u00e1s, vagy aj\u00e1nd\u00e9k 2 db otthoni fogfeh\u00e9r\u00edt\u0151 s\u00edn (feh\u00e9r\u00edt\u0151 anyag n\u00e9lk\u00fcl)\u00a0 \u00e9s plakk elt\u00e1vol\u00edt\u00e1s, 1 \u00f3ra Zoom l\u00e1mp\u00e1s fogfeh\u00e9r\u00edt\u00e9s + v\u00e1lasztott aj\u00e1nd\u00e9k) 127 000 Ft helyett 76<strong>\u00a0000 Ft<\/strong><\/li>\n<\/ol>\n<p><strong>2. Rendel\u0151i Zoom p\u00e1ros fogfeh\u00e9r\u00edt\u00e9s : a m\u00e1sodik fogfeh\u00e9r\u00edt\u00e9sre 50% kedvezm\u00e9ny!<\/strong><\/p>\n<p>V\u00e1lassza ki az \u00d6n sz\u00e1m\u00e1ra kedvez\u0151bb csomagot! A csomagkedvezm\u00e9nyek nem vonhat\u00f3ak \u00f6ssze!<\/p>\n<p>A fenti aj\u00e1nlat 2026.02.28-ig \u00e9rv\u00e9nyes!<\/p>\n<table style=\"font-weight: 400;\">\n<tbody>\n<tr>\n<td width=\"307\"><strong>Kezel\u00e9s<\/strong><\/td>\n<td width=\"307\">\n<p style=\"text-align: center;\"><strong>\u00c1r (Ft)<\/strong><\/p>\n<\/td>\n<\/tr>\n<tr>\n<td style=\"text-align: center;\" colspan=\"2\" width=\"614\"><strong>Diagnosztika<\/strong><\/td>\n<\/tr>\n<tr>\n<td width=\"307\">Konzult\u00e1ci\u00f3, tan\u00e1csad\u00e1s, \u00e1llapot felm\u00e9r\u00e9s<\/td>\n<td width=\"307\">\n<p style=\"text-align: center;\">10.000<\/p>\n<\/td>\n<\/tr>\n<tr>\n<td width=\"307\">Rtg (nagy\u00a0 OP, Tele, antero-posterior, \u00edz\u00fcleti stb\u2026)<\/td>\n<td width=\"307\">\n<p style=\"text-align: center;\">10.000<\/p>\n<\/td>\n<\/tr>\n<tr>\n<td width=\"307\">Fog\u00e1szati g\u00f3ckutat\u00e1s r\u00f6ntgennel, fizikai vizsg\u00e1lattal, \u00e9s \u00edr\u00e1sos szakv\u00e9lem\u00e9nnyel<\/td>\n<td width=\"307\">\n<p style=\"text-align: center;\">22.000<\/p>\n<\/td>\n<\/tr>\n<tr>\n<td width=\"307\">CBCT r\u00e9szleges-teljes<\/td>\n<td width=\"307\">\n<p style=\"text-align: center;\">22.000-30.000<\/p>\n<\/td>\n<\/tr>\n<tr>\n<td width=\"307\">\u00d3zon kezel\u00e9s ter\u00fcletenk\u00e9nt<\/td>\n<td width=\"307\">\n<p style=\"text-align: center;\">5.000<\/p>\n<\/td>\n<\/tr>\n<tr>\n<td width=\"307\">Fognyaki \u00e9rz\u00e9kenys\u00e9g kezel\u00e9se fogank\u00e9nt<\/td>\n<td width=\"307\">\n<p style=\"text-align: center;\">6.000<\/p>\n<\/td>\n<\/tr>\n<tr>\n<td style=\"text-align: center;\" colspan=\"2\" width=\"614\"><strong>Fogszab\u00e1lyoz\u00e1s<\/strong><\/td>\n<\/tr>\n<tr>\n<td width=\"307\">Konzult\u00e1ci\u00f3, tan\u00e1csad\u00e1s, \u00e1llapot felm\u00e9r\u00e9s<\/td>\n<td width=\"307\">\n<p style=\"text-align: center;\">10.000<\/p>\n<\/td>\n<\/tr>\n<tr>\n<td width=\"307\">Elemz\u00e9s, kezel\u00e9si terv k\u00e9sz\u00edt\u00e9s \u00e9s megbesz\u00e9l\u00e9s<\/td>\n<td width=\"307\">\n<p style=\"text-align: center;\">29.000<\/p>\n<\/td>\n<\/tr>\n<tr>\n<td width=\"307\">Kivehet\u0151 fogszab\u00e1lyz\u00f3 k\u00e9sz\u00fcl\u00e9k\/ \u00e1llcsont<\/td>\n<td width=\"307\">\n<p style=\"text-align: center;\">69.000<\/p>\n<\/td>\n<\/tr>\n<tr>\n<td width=\"307\">Myofunkcion\u00e1lis trainer<\/td>\n<td width=\"307\">\n<p style=\"text-align: center;\">79.000<\/p>\n<\/td>\n<\/tr>\n<tr>\n<td width=\"307\">Bimaxill\u00e1ris k\u00e9sz\u00fcl\u00e9k<\/td>\n<td width=\"307\">\n<p style=\"text-align: center;\">121.000<\/p>\n<\/td>\n<\/tr>\n<tr>\n<td width=\"307\">K\u00fcls\u0151 Multiband R\u00f6gz\u00edtett k\u00e9sz\u00fcl\u00e9kek\/\u00a0\u00e1llcsont<\/td>\n<td width=\"307\">\n<p style=\"text-align: center;\">199.000 &#8211; 332.000<\/p>\n<\/td>\n<\/tr>\n<tr>\n<td width=\"307\">Bels\u0151 L\u00e1thatatlan R\u00f6gz\u00edtett k\u00e9sz\u00fcl\u00e9kek\/ \u00e1llcsont<\/td>\n<td width=\"307\">\n<p style=\"text-align: center;\">275.000 &#8211; 332.000<\/p>\n<\/td>\n<\/tr>\n<tr>\n<td width=\"307\">Aligner digit\u00e1lis tervez\u00e9s+ digit\u00e1lis lenyomat + 3 s\u00edn \/\u00e1llcsont<\/td>\n<td width=\"307\">\n<p style=\"text-align: center;\">42.000 + 20.000 + 138.000<\/p>\n<\/td>\n<\/tr>\n<tr>\n<td width=\"307\">Aktiv\u00e1l\u00e1s\/ k\u00e9sz\u00fcl\u00e9k t\u00edpust\u00f3l f\u00fcgg\u0151en<\/td>\n<td width=\"307\">\n<p style=\"text-align: center;\">9.000 &#8211; 22.000<\/p>\n<\/td>\n<\/tr>\n<tr>\n<td width=\"307\">K\u00e9sz\u00fcl\u00e9k felhelyez\u00e9s\/elt\u00e1vol\u00edt\u00e1s fogsoronk\u00e9nt<\/td>\n<td width=\"307\">\n<p style=\"text-align: center;\">29.000<\/p>\n<\/td>\n<\/tr>\n<tr>\n<td width=\"307\">Kivehet\u0151 retenci\u00f3s s\u00edn \u00e1llcsontonk\u00e9nt<\/td>\n<td width=\"307\">\n<p style=\"text-align: center;\">40.000<\/p>\n<\/td>\n<\/tr>\n<tr>\n<td width=\"307\">Fix ragasztott bels\u0151 retenci\u00f3s s\u00edn \u00e1llcsontonk\u00e9nt<\/td>\n<td width=\"307\">\n<p style=\"text-align: center;\">41.000<\/p>\n<\/td>\n<\/tr>\n<tr>\n<td style=\"text-align: center;\" colspan=\"2\" width=\"614\"><strong>Parodontol\u00f3gia<\/strong><\/td>\n<\/tr>\n<tr>\n<td width=\"307\">Pol\u00edroz\u00e1s k\u00f6rkef\u00e9s\/air flow homokf\u00fav\u00f3s teljes<\/td>\n<td width=\"307\">\n<p style=\"text-align: center;\">12.000\/15000<\/p>\n<\/td>\n<\/tr>\n<tr>\n<td width=\"307\">Fogk\u0151 elt\u00e1vol\u00edt\u00e1s + pol\u00edroz\u00e1s (als\u00f3 frontfogak)<\/td>\n<td width=\"307\">\n<p style=\"text-align: center;\">6.000<\/p>\n<\/td>\n<\/tr>\n<tr>\n<td width=\"307\">Fogk\u0151 elt\u00e1vol\u00edt\u00e1s + pol\u00edroz\u00e1s \u00e1llcsontonk\u00e9nt<\/td>\n<td width=\"307\">\n<p style=\"text-align: center;\">18.000<\/p>\n<\/td>\n<\/tr>\n<tr>\n<td width=\"307\">Fogk\u0151 elt\u00e1vol\u00edt\u00e1s + pol\u00edroz\u00e1s (teljes)<\/td>\n<td width=\"307\">\n<p style=\"text-align: center;\">32.000<\/p>\n<\/td>\n<\/tr>\n<tr>\n<td width=\"307\">\u00cdnytasak Kezel\u00e9s Fogank\u00e9nt<\/td>\n<td width=\"307\">\n<p style=\"text-align: center;\">10.000<\/p>\n<\/td>\n<\/tr>\n<tr>\n<td width=\"307\">Z\u00e1rt k\u00fcrett (m\u00e9lytiszt\u00edt\u00e1s)\/fog- quadr\u00e1ns<\/td>\n<td width=\"307\">\n<p style=\"text-align: center;\">15.000-48000<\/p>\n<\/td>\n<\/tr>\n<tr>\n<td width=\"307\">Nyitott k\u00fcrett (m\u00e9lytiszt\u00edt\u00e1s)\/fog-quadr\u00e1ns<\/td>\n<td width=\"307\">\n<p style=\"text-align: center;\">37.000-74.000<\/p>\n<\/td>\n<\/tr>\n<tr>\n<td width=\"307\">Soft laser kezel\u00e9s \/ fog (steriliz\u00e1l\u00f3, biostimul\u00e1l\u00f3)<\/td>\n<td width=\"307\">\n<p style=\"text-align: center;\">7.000<\/p>\n<\/td>\n<\/tr>\n<tr>\n<td width=\"307\">Soft laser kezel\u00e9s teljes (steriliz\u00e1l\u00f3, biostimul\u00e1l\u00f3)<\/td>\n<td width=\"307\">\n<p style=\"text-align: center;\">35.000<\/p>\n<\/td>\n<\/tr>\n<tr>\n<td style=\"text-align: center;\" colspan=\"2\" width=\"614\"><strong>Eszt\u00e9tikai<\/strong> <strong>kezel\u00e9sek<\/strong><\/td>\n<\/tr>\n<tr>\n<td width=\"307\">Fog\u00e9kszer ragaszt\u00e1s (\u00e9kszerrel)<\/td>\n<td width=\"307\">\n<p style=\"text-align: center;\">25.000<\/p>\n<\/td>\n<\/tr>\n<tr>\n<td width=\"307\">Otthoni fogfeh\u00e9r\u00edt\u00e9s (2 s\u00edn, 2 tubus)<\/td>\n<td width=\"307\">\n<p style=\"text-align: center;\">73.000<\/p>\n<\/td>\n<\/tr>\n<tr>\n<td width=\"307\">Rendel\u0151i Zoom professzion\u00e1lis fogfeh\u00e9r\u00edt\u00e9s<\/td>\n<td width=\"307\">\n<p style=\"text-align: center;\">95.000<\/p>\n<\/td>\n<\/tr>\n<tr>\n<td width=\"307\">Bels\u0151 fogfeh\u00e9r\u00edt\u00e9s (gy\u00f6k\u00e9rkezelt elbarnult fogakn\u00e1l)<\/td>\n<td width=\"307\">\n<p style=\"text-align: center;\">25.000<\/p>\n<\/td>\n<\/tr>\n<tr>\n<td width=\"307\">Zoom\u00ae by Philips kett\u0151s (rendel\u0151i+otthoni s\u00ednes) professzion\u00e1lis fogfeh\u00e9r\u00edt\u00e9s<\/td>\n<td width=\"307\">\n<p style=\"text-align: center;\">145.000<\/p>\n<\/td>\n<\/tr>\n<tr>\n<td width=\"307\">Direkt kompozit csiszol\u00e1smentes eszt\u00e9tikus h\u00e9j Gradia \/ pr\u00e9mium Tokuyama<\/td>\n<td width=\"307\">\n<p style=\"text-align: center;\">65.000\/75.000<\/p>\n<\/td>\n<\/tr>\n<tr>\n<td width=\"307\">Amaris sorvadt \u00edny eszt\u00e9tikus helyre\u00e1ll\u00edt\u00e1sa r\u00f3zsasz\u00edn t\u00f6m\u00e9ssel\u00a0<\/td>\n<td width=\"307\">\n<p style=\"text-align: center;\">25.000<\/p>\n<\/td>\n<\/tr>\n<tr>\n<td width=\"307\">LUMINEERS\u00ae BY CERINATE csiszol\u00e1s n\u00e9lk\u00fcli h\u00e9j<\/td>\n<td width=\"307\">\n<p style=\"text-align: center;\">190.000<\/p>\n<\/td>\n<\/tr>\n<tr>\n<td width=\"307\">ICON\u00ae &#8211; feh\u00e9r foltok elt\u0171ntet\u00e9se fogank\u00e9nt\/ 6 fogon<\/td>\n<td width=\"307\">\n<p style=\"text-align: center;\">20.000\/ 115.000<\/p>\n<\/td>\n<\/tr>\n<tr>\n<td width=\"307\">Digit\u00e1lis lenyomat (3D scannel\u00e9s)<\/td>\n<td width=\"307\">\n<p style=\"text-align: center;\">20.000<\/p>\n<\/td>\n<\/tr>\n<tr>\n<td width=\"307\">Digit\u00e1lis mosolytervez\u00e9s (2D + 3D Smile design)\u00a0<\/td>\n<td width=\"307\">\n<p style=\"text-align: center;\">55.000<\/p>\n<\/td>\n<\/tr>\n<tr>\n<td width=\"307\">\u00a0<\/td>\n<td width=\"307\">\n<p style=\"text-align: center;\">\u00a0<\/p>\n<\/td>\n<\/tr>\n<tr>\n<td style=\"text-align: center;\" colspan=\"2\" width=\"614\"><strong>Konzerv\u00e1l\u00f3 (kozmetikai) fog\u00e1szat<\/strong><\/td>\n<\/tr>\n<tr>\n<td width=\"307\">Kompozit inlay\/onlay<\/td>\n<td width=\"307\">\n<p style=\"text-align: center;\">85.000<\/p>\n<\/td>\n<\/tr>\n<tr>\n<td width=\"307\">Ker\u00e1mia inlay\/onlay<\/td>\n<td width=\"307\">\n<p style=\"text-align: center;\">95.000<\/p>\n<\/td>\n<\/tr>\n<tr>\n<td width=\"307\">Professzion\u00e1lis eszt\u00e9tikus t\u00f6m\u00e9s Gradia<\/td>\n<td width=\"307\">\n<p style=\"text-align: center;\">27.000 \u2013 42.000<\/p>\n<\/td>\n<\/tr>\n<tr>\n<td width=\"307\">Pr\u00e9mium eszt\u00e9tikus t\u00f6m\u00e9s Tokuyama<\/td>\n<td width=\"307\">\n<p style=\"text-align: center;\">34.000 \u2013 47.000<\/p>\n<\/td>\n<\/tr>\n<tr>\n<td style=\"text-align: center;\" colspan=\"2\" width=\"614\"><strong>Gy\u00f6k\u00e9rkezel\u00e9s<\/strong><\/td>\n<\/tr>\n<tr>\n<td width=\"307\">Trepan\u00e1l\u00e1s (Megnyit\u00e1s, felt\u00e1r\u00e1s)<\/td>\n<td width=\"307\">\n<p style=\"text-align: center;\">15.000<\/p>\n<\/td>\n<\/tr>\n<tr>\n<td width=\"307\">Csatorna gy\u00f3gyszeres ideiglenes lez\u00e1r\u00e1s (felt\u00e1r\u00e1s, t\u00e1g\u00edt\u00e1s, tiszt\u00edt\u00e1s, bem\u00e9r\u00e9s, fert\u0151tlen\u00edt\u00e9s, gy\u00f3gyszer) 1-3 csatorna<\/td>\n<td width=\"307\">\n<p style=\"text-align: center;\">27.000 \u2013 37.000<\/p>\n<\/td>\n<\/tr>\n<tr>\n<td width=\"307\">Gy\u00f6k\u00e9rt\u00f6m\u00e9s 1-3 csatorna<\/td>\n<td width=\"307\">\n<p style=\"text-align: center;\">30.000 \u2013 40.000<\/p>\n<\/td>\n<\/tr>\n<tr>\n<td width=\"307\">R\u00e9gi gy\u00f6k\u00e9rt\u00f6m\u00e9s elt\u00e1vol\u00edt\u00e1s \/ csatorna<\/td>\n<td width=\"307\">\n<p style=\"text-align: center;\">12.000<\/p>\n<\/td>\n<\/tr>\n<tr>\n<td style=\"text-align: center;\" colspan=\"2\" width=\"614\"><strong>Gyerekfog\u00e1szat<\/strong><\/td>\n<\/tr>\n<tr>\n<td width=\"307\">Bar\u00e1zdaz\u00e1r\u00e1s fogank\u00e9nt<\/td>\n<td width=\"307\">\n<p style=\"text-align: center;\">16.000\/20.000<\/p>\n<\/td>\n<\/tr>\n<tr>\n<td width=\"307\">Tejfog T\u00f6m\u00e9s<\/td>\n<td width=\"307\">\n<p style=\"text-align: center;\">21.000<\/p>\n<\/td>\n<\/tr>\n<tr>\n<td width=\"307\">Tejfog elt\u00e1vol\u00edt\u00e1s<\/td>\n<td width=\"307\">\n<p style=\"text-align: center;\">19.000<\/p>\n<\/td>\n<\/tr>\n<tr>\n<td width=\"307\">Tejfog gy\u00f6k\u00e9rkezel\u00e9s (bio MTA)<\/td>\n<td width=\"307\">\n<p style=\"text-align: center;\">21.000<\/p>\n<\/td>\n<\/tr>\n<tr>\n<td width=\"307\">Fluoridos kezel\u00e9s \u00e1llcsontonk\u00e9nt<\/td>\n<td width=\"307\">\n<p style=\"text-align: center;\">15.000<\/p>\n<\/td>\n<\/tr>\n<tr>\n<td style=\"text-align: center;\" colspan=\"2\" width=\"614\"><strong>Fogp\u00f3tl\u00e1s<\/strong><\/td>\n<\/tr>\n<tr>\n<td width=\"307\">Gy\u00e1ri csapos csonkfel\u00e9p\u00edt\u00e9s<\/td>\n<td width=\"307\">\n<p style=\"text-align: center;\">29.000<\/p>\n<\/td>\n<\/tr>\n<tr>\n<td width=\"307\">\u00dcvegsz\u00e1las csapos csonkfel\u00e9p\u00edt\u00e9s<\/td>\n<td width=\"307\">\n<p style=\"text-align: center;\">35.000<\/p>\n<\/td>\n<\/tr>\n<tr>\n<td width=\"307\">\u00d6nt\u00f6tt csapos m\u0171csonk<\/td>\n<td width=\"307\">\n<p style=\"text-align: center;\">30.000<\/p>\n<\/td>\n<\/tr>\n<tr>\n<td width=\"307\">Porcel\u00e1n leplez\u00e9s\u0171 korona\/h\u00edd tagonk\u00e9nt<\/td>\n<td width=\"307\">\n<p style=\"text-align: center;\">85.000<\/p>\n<\/td>\n<\/tr>\n<tr>\n<td width=\"307\">Cirk\u00f3nium korona\/ h\u00edd tagonk\u00e9nt<\/td>\n<td width=\"307\">\n<p style=\"text-align: center;\">103.000<\/p>\n<\/td>\n<\/tr>\n<tr>\n<td width=\"307\">Teljes lemezes fogp\u00f3tl\u00e1s (Fogsor)<\/td>\n<td width=\"307\">\n<p style=\"text-align: center;\">210.000<\/p>\n<\/td>\n<\/tr>\n<tr>\n<td width=\"307\">F\u00e9mlemezes kapcsos kivehet\u0151 fogp\u00f3tl\u00e1s<\/td>\n<td width=\"307\">\n<p style=\"text-align: center;\">250.000<\/p>\n<\/td>\n<\/tr>\n<tr>\n<td width=\"307\">Kombin\u00e1lt rejtett elhorgonyz\u00e1s\u00fa kivehet\u0151 fogp\u00f3tl\u00e1s<\/td>\n<td width=\"307\">\n<p style=\"text-align: center;\">260.000<\/p>\n<\/td>\n<\/tr>\n<tr>\n<td style=\"text-align: center;\" colspan=\"2\" width=\"614\"><strong>Sz\u00e1jseb\u00e9szet<\/strong><\/td>\n<\/tr>\n<tr>\n<td width=\"307\">Sz\u00e1jseb\u00e9szeti konzult\u00e1ci\u00f3<\/td>\n<td width=\"307\">\n<p style=\"text-align: center;\">13.000<\/p>\n<\/td>\n<\/tr>\n<tr>\n<td width=\"307\">Fogelt\u00e1vol\u00edt\u00e1s<\/td>\n<td width=\"307\">\n<p style=\"text-align: center;\">27.000 \u2013 37.000<\/p>\n<\/td>\n<\/tr>\n<tr>\n<td width=\"307\">Seb\u00e9szi fog \u00e9s gy\u00f6k\u00e9r elt\u00e1vol\u00edt\u00e1s<\/td>\n<td width=\"307\">\n<p style=\"text-align: center;\">42.000 \u2013 58.000<\/p>\n<\/td>\n<\/tr>\n<tr>\n<td style=\"text-align: center;\" colspan=\"2\" width=\"614\"><strong>Horkol\u00e1s\/TMJ probl\u00e9m\u00e1k\/fogv\u00e9d\u0151k<\/strong><\/td>\n<\/tr>\n<tr>\n<td width=\"307\">\u00c9jszakai s\u00edn \/ harap\u00e1semel\u0151 s\u00edn<\/td>\n<td width=\"307\">\n<p style=\"text-align: center;\">37.000<\/p>\n<\/td>\n<\/tr>\n<tr>\n<td width=\"307\">Horkol\u00e1s g\u00e1tl\u00f3 &#8211; Silensor<\/td>\n<td width=\"307\">\n<p style=\"text-align: center;\">90.000<\/p>\n<\/td>\n<\/tr>\n<tr>\n<td width=\"307\">Egy\u00e9ni speci\u00e1lis 3 r\u00e9teg\u0171 sportfogv\u00e9d\u0151<\/td>\n<td width=\"307\">\n<p style=\"text-align: center;\">48.000<\/p>\n<\/td>\n<\/tr>\n<tr>\n<td style=\"text-align: center;\" colspan=\"2\" width=\"614\"><strong>Implantol\u00f3gia<\/strong><\/td>\n<\/tr>\n<tr>\n<td width=\"307\">Implant\u00e1tum (m\u0171gy\u00f6k\u00e9r) be\u00fcltet\u00e9s\/db<\/td>\n<td width=\"307\">\n<p style=\"text-align: center;\">189.000<\/p>\n<\/td>\n<\/tr>\n<tr>\n<td width=\"307\">Implant\u00e1tum egy\u00e9ni fel\u00e9p\u00edtm\u00e9ny<\/td>\n<td width=\"307\">\n<p style=\"text-align: center;\">90.000<\/p>\n<\/td>\n<\/tr>\n<tr>\n<td width=\"307\">Porcel\u00e1n leplez\u00e9s\u0171 korona\/h\u00eddtag implant\u00e1tumra \/db<\/td>\n<td width=\"307\">\n<p style=\"text-align: center;\">100.000<\/p>\n<\/td>\n<\/tr>\n<tr>\n<td width=\"307\">Cirk\u00f3nium CAD\/CAM teljes ker\u00e1mia korona\/h\u00eddtag implant\u00e1tumra \/db<\/td>\n<td width=\"307\">\n<p style=\"text-align: center;\">121.000<\/p>\n<\/td>\n<\/tr>\n<\/tbody>\n<\/table>\n<p style=\"font-weight: 400;\">\u00a0<\/p>\n<p style=\"font-weight: 400;\">Budapest, 2026.01.18\u00a0 \u00a0Visszavon\u00e1sig \u00e9rv\u00e9nyes!<\/p>\n<p><strong><br \/><a href=\"http:\/\/lildamed.hu\/fogorvos\/wp-content\/uploads\/2020\/06\/lildamed-08.png\"><img decoding=\"async\" loading=\"lazy\" class=\"wp-image-1218 aligncenter\" src=\"http:\/\/lildamed.hu\/fogorvos\/wp-content\/uploads\/2020\/06\/lildamed-08.png\" alt=\"\" width=\"145\" height=\"147\" srcset=\"http:\/\/lildamed.hu\/fogorvos\/wp-content\/uploads\/2020\/06\/lildamed-08.png 366w, http:\/\/lildamed.hu\/fogorvos\/wp-content\/uploads\/2020\/06\/lildamed-08-295x300.png 295w\" sizes=\"(max-width: 145px) 100vw, 145px\" \/><\/a><\/strong><\/p>\n\n\n<figure class=\"wp-block-image\"><img alt=\"\"\/><\/figure>\n\n\n\n<figure class=\"wp-block-image\"><img alt=\"\"\/><\/figure>\n\n\n\n<figure class=\"wp-block-image\"><img alt=\"\"\/><\/figure>\n\n\n\n<figure class=\"wp-block-image\"><img alt=\"\"\/><\/figure>\n","protected":false},"excerpt":{"rendered":"<p>Lildamed Fogorvosi Rendel\u0151 \u00c1rak K\u00e9rdezze AI \u00dcgyf\u00e9lszolg\u00e1latunkat! Az al\u00e1bbi fog\u00e1szati \u00e1rlista t\u00e1j\u00e9koztat\u00f3 jelleg\u0171, \u00e9s a leggyakoribb fog\u00e1szati kezel\u00e9seket tartalmazza. R\u00e9szletes, szem\u00e9lyre szabott \u00e1raj\u00e1nlatot szakorvosi konzult\u00e1ci\u00f3 \u00e9s vizsg\u00e1lat ut\u00e1n tudunk adni. \u00a0 Fogfeh\u00e9r\u00edt\u00e9s akci\u00f3: Rendel\u0151i Zoom fogfeh\u00e9r\u00edt\u00e9s 20% kedvezm\u00e9ny + aj\u00e1nd\u00e9k fogk\u0151 elt\u00e1vol\u00edt\u00e1s, vagy aj\u00e1nd\u00e9k 2 db otthoni fogfeh\u00e9r\u00edt\u0151 s\u00edn (feh\u00e9r\u00edt\u0151 anyag n\u00e9lk\u00fcl)\u00a0 \u00e9s plakk elt\u00e1vol\u00edt\u00e1s, 1 \u00f3ra Zoom l\u00e1mp\u00e1s fogfeh\u00e9r\u00edt\u00e9s + v\u00e1lasztott aj\u00e1nd\u00e9k) 127 000 Ft helyett 76\u00a0000 Ft 2. Rendel\u0151i Zoom p\u00e1ros fogfeh\u00e9r\u00edt\u00e9s : a m\u00e1sodik fogfeh\u00e9r\u00edt\u00e9sre 50% kedvezm\u00e9ny! V\u00e1lassza ki az \u00d6n sz\u00e1m\u00e1ra kedvez\u0151bb csomagot! A csomagkedvezm\u00e9nyek nem vonhat\u00f3ak \u00f6ssze! A fenti aj\u00e1nlat 2026.02.28-ig \u00e9rv\u00e9nyes! Kezel\u00e9s \u00c1r (Ft)<\/p>\n<a class=\"more-link\" rel=\"nofollow\" href=\"http:\/\/lildamed.hu\/fogorvos\/lildamed-fogorvosi-rendelo-arak-fogszabalyozas-tomes-hej-fogpotlas\/\">[Read More...]<\/a>","protected":false},"author":5,"featured_media":0,"parent":0,"menu_order":0,"comment_status":"closed","ping_status":"closed","template":"","meta":[],"_links":{"self":[{"href":"http:\/\/lildamed.hu\/fogorvos\/wp-json\/wp\/v2\/pages\/1715"}],"collection":[{"href":"http:\/\/lildamed.hu\/fogorvos\/wp-json\/wp\/v2\/pages"}],"about":[{"href":"http:\/\/lildamed.hu\/fogorvos\/wp-json\/wp\/v2\/types\/page"}],"author":[{"embeddable":true,"href":"http:\/\/lildamed.hu\/fogorvos\/wp-json\/wp\/v2\/users\/5"}],"replies":[{"embeddable":true,"href":"http:\/\/lildamed.hu\/fogorvos\/wp-json\/wp\/v2\/comments?post=1715"}],"version-history":[{"count":85,"href":"http:\/\/lildamed.hu\/fogorvos\/wp-json\/wp\/v2\/pages\/1715\/revisions"}],"predecessor-version":[{"id":2251,"href":"http:\/\/lildamed.hu\/fogorvos\/wp-json\/wp\/v2\/pages\/1715\/revisions\/2251"}],"wp:attachment":[{"href":"http:\/\/lildamed.hu\/fogorvos\/wp-json\/wp\/v2\/media?parent=1715"}],"curies":[{"name":"wp","href":"https:\/\/api.w.org\/{rel}","templated":true}]}}