{"id":5,"date":"2013-11-15T14:03:25","date_gmt":"2013-11-15T14:03:25","guid":{"rendered":"http:\/\/lildamed.hu\/fogorvos\/?page_id=5"},"modified":"2025-05-11T06:28:16","modified_gmt":"2025-05-11T06:28:16","slug":"bemutatkozas","status":"publish","type":"page","link":"http:\/\/lildamed.hu\/fogorvos\/bemutatkozas\/","title":{"rendered":"Bemutatkoz\u00e1s"},"content":{"rendered":"<h3 style=\"text-align: center;\">\u00dcdv\u00f6z\u00f6lj\u00fck a Zugl\u00f3i Lildamed Fogorvosi Rendel\u0151 honlapj\u00e1n!<\/h3>\n<p><a href=\"http:\/\/lildamed.hu\/fogorvos\/wp-content\/uploads\/2018\/02\/lildamed-logo01.png\"><img decoding=\"async\" loading=\"lazy\" class=\" wp-image-918 alignleft\" src=\"http:\/\/lildamed.hu\/fogorvos\/wp-content\/uploads\/2018\/02\/lildamed-logo01-300x276.png\" alt=\"\" width=\"179\" height=\"164\" srcset=\"http:\/\/lildamed.hu\/fogorvos\/wp-content\/uploads\/2018\/02\/lildamed-logo01-300x276.png 300w, http:\/\/lildamed.hu\/fogorvos\/wp-content\/uploads\/2018\/02\/lildamed-logo01-768x705.png 768w, http:\/\/lildamed.hu\/fogorvos\/wp-content\/uploads\/2018\/02\/lildamed-logo01.png 797w\" sizes=\"(max-width: 179px) 100vw, 179px\" \/><\/a><\/p>\n<p>Kellemes hangulat\u00fa, j\u00f3l felszerelt, l\u00e9gkondicion\u00e1lt fogorvosi rendel\u0151nk 30 \u00e9ve, v\u00e1rja szeretettel \u00e9s nagy szak\u00e9rtelemmel p\u00e1cienseit. C\u00e9lunk, a hozz\u00e1nk fordul\u00f3k sz\u00e1m\u00e1ra az egy\u00e9ni, legkorszer\u0171bb megold\u00e1sok alkalmaz\u00e1sa, \u00e9s a szorong\u00e1s old\u00e1sa. <span class=\"wixui-rich-text__text\">Rendel\u0151nk felszerelt\u00fck\u00a0<\/span><span class=\"wixui-rich-text__text\">a legmodernebb eszk\u00f6z\u00f6kkel \u00e9s technik\u00e1kkal.\u00a0\u00a0<\/span>Munkat\u00e1rsaink tud\u00e1sukat\u00a0konferenci\u00e1kon, kongresszusokon \u00e9s tov\u00e1bbk\u00e9pz\u0151 tanfolyamokon val\u00f3 r\u00e9szv\u00e9tellel \u00e9s a szakmai irodalom olvas\u00e1s\u00e1val tartj\u00e1k szinten.<\/p>\n<div id=\"comp-ihdj528q\" class=\"KQmfd2\">\n<div id=\"text-content-comp-ihdj528q\" class=\"KcpHeO tz5f0K comp-ihdj528q wixui-rich-text\" data-testid=\"richTextElement\">\n<p class=\"font_8 wixui-rich-text__text\"><span class=\"wixui-rich-text__text\">A besz\u00e9d \u00e9s nevet\u00e9s sor\u00e1n el\u0151villan\u00f3 sz\u00e9p, szab\u00e1lyos, t\u00f6k\u00e9letes fogazat mindannyiunk \u00e1lma.\u00a0<\/span><span class=\"wixui-rich-text__text\">Eg\u00e9szs\u00e9get \u00e9s \u00e9let\u00f6r\u00f6m\u00f6t sugall<\/span>, magabiztoss\u00e1got \u00e9s j\u00f3 megjelen\u00e9st k\u00f6lcs\u00f6n\u00f6z. Az eszt\u00e9tikai hat\u00e1s mellett k\u00f6nnyen tiszt\u00edthat\u00f3, a fogak \u00e9s az \u00e1llkapocs\u00edz\u00fclet egyenletesen terheltek, \u00edgy a fogszuvasod\u00e1s, a fog\u00e1gy \u00e9s r\u00e1g\u00f3\u00edz\u00fcleti betegs\u00e9gek is k\u00f6nnyebben megel\u0151zhet\u0151k. Egy sz\u00e9p, eg\u00e9szs\u00e9ges mosoly k\u00e9pes pozit\u00edv ir\u00e1nyba megv\u00e1ltoztatni a megjelen\u00e9st, n\u00f6veli az \u00f6nbizalmat, \u00e9s ez\u00e1ltal jav\u00edtja az \u00e9letmin\u0151s\u00e9get.\u00a0<span class=\"wixui-rich-text__text\">Ennek el\u00e9r\u00e9s\u00e9ben szeretn\u00e9nk seg\u00edteni \u00d6nnek \u00e9s gyermek\u00e9nek.<\/span><span class=\"wixui-rich-text__text\">\u00a0<\/span><\/p>\n<p class=\"font_8 wixui-rich-text__text\"><span class=\"wixui-rich-text__text\">Mindennapjainkat \u00e1tsz\u00f6vi a digit\u00e1lis vil\u00e1g. Rohamos\u00a0<\/span><span class=\"wixui-rich-text__text\">fejl\u0151d\u00e9se<\/span><span class=\"wixui-rich-text__text\">\u00a0a fog\u00e1szatba is bet\u00f6rt \u00e9s hatalmas ugr\u00e1sokkal halad el\u0151re.\u00a0<\/span><span class=\"wixui-rich-text__text\">Lehet\u0151v\u00e9 v\u00e1lt 3D scannel\u00e9ssel a digit\u00e1lis t\u00e9rben\u00a0 tov\u00e1bb\u00edthat\u00f3 3 dimenzi\u00f3s extra pontos\u00a0lenyomatok\u00a0k\u00e9sz\u00edt\u00e9se,\u00a0\u00e9s tov\u00e1bb\u00edt\u00e1sa\u00a0a fogtechnikai labornak, ahol digit\u00e1lis tervez\u00e9s ut\u00e1n rendk\u00edv\u00fcl prec\u00edz \u00e9s eszt\u00e9tikus fogp\u00f3tl\u00e1sok k\u00e9sz\u00fclhetnek sz\u00e1m\u00edt\u00f3g\u00e9p vez\u00e9relt CAD\/CAM technol\u00f3gi\u00e1val, vagy 3D nyomtat\u00f3 seg\u00edts\u00e9g\u00e9vel.\u00a0<\/span>A l\u00e1gyr\u00e9szek, \u00e9s a teljes arc eszt\u00e9tik\u00e1j\u00e1ra is rendk\u00edv\u00fcl nagy hangs\u00falyt fektet\u00fcnk. Digit\u00e1lis 3D-s arc scannerrel tov\u00e1bbi fontos 3 dimenzi\u00f3s inform\u00e1ci\u00f3kat tudunk elemezni \u00e9s tov\u00e1bb\u00edtani a laborba mely megn\u00f6veli az eszt\u00e9tikai eredm\u00e9nyeket. Amennyiben a fogazat optimaliz\u00e1l\u00e1sa mellett tov\u00e1bbi arcform\u00e1l\u00e1s is sz\u00fcks\u00e9ges a teljes archarm\u00f3nia el\u00e9r\u00e9shez, hyaluronsavas arc \u00e9s ajakfelt\u00f6lt\u00e9sre is van lehet\u0151s\u00e9g.<\/p>\n<\/div>\n<\/div>\n<div id=\"comp-ihdjhfwa\" class=\"KQmfd2\">\n<div id=\"text-content-comp-ihdjhfwa\" class=\"KcpHeO tz5f0K comp-ihdjhfwa wixui-rich-text\" data-testid=\"richTextElement\">\n<p class=\"font_8 wixui-rich-text__text\"><span class=\"wixui-rich-text__text\">Innovat\u00edv rendel\u0151nkben p\u00e1cienseink r\u00e9sz\u00e9re a hagyom\u00e1nyos\u00a0technik\u00e1k mellett rendelkez\u00e9sre \u00e1llnak ezen\u00a0legmodernebb technol\u00f3gi\u00e1k, mind a fogszab\u00e1lyoz\u00e1s, \u00e9s\u00a0mosolytervez\u00e9s, arceszt\u00e9tika, mind a fogp\u00f3tl\u00e1sok ter\u00fclet\u00e9n.\u00a0<\/span><span class=\"wixui-rich-text__text\">Seg\u00edts\u00e9g\u00fckkel k\u00e9nyelmesen, gyorsan, \u00e9s hat\u00e9konyan k\u00e9sz\u00fclnek el az eszt\u00e9tikus inlay-ek, onlay-ek,\u00a0h\u00e9jak, \u00e9s fogp\u00f3tl\u00e1sok.\u00a0<\/span><span class=\"wixui-rich-text__text\">Ha m\u00e1r egy ideje el\u00e9gedetlen mosoly\u00e1val \u00e9s<\/span><span class=\"wixui-rich-text__text\">\u00a0fogszab\u00e1lyoz\u00e1son, vagy m\u00e1s eszt\u00e9tikus megold\u00e1son gondolkodik, v\u00e1la<\/span><span class=\"wixui-rich-text__text\">ssza z<\/span><span class=\"wixui-rich-text__text\">ugl\u00f3i<\/span><span class=\"wixui-rich-text__text\">\u00a0st\u00fadi\u00f3nkat.\u00a0<\/span><span class=\"wixui-rich-text__text\">A legmagasabb sz\u00ednvonal\u00fa szolg\u00e1ltat\u00e1sokkal \u00e9s kiv\u00e1l\u00f3 szakemberekkel<\/span><span class=\"wixui-rich-text__text\">\u00a0v\u00e1rjuk \u00d6nt.<\/span><\/p>\n<\/div>\n<\/div>\n<h4>Orvosaink:<\/h4>\n<h4><strong>Dr. Dalmadi Lilian\u00a0 \u00a0 \u00a0 \u00a0 <\/strong><em>fogszab\u00e1lyoz\u00e1s &#8211; eszt\u00e9tikai fog\u00e1szat &#8211; fog implant\u00e1ci\u00f3 &#8211; fogp\u00f3tl\u00e1s<\/em><\/h4>\n<p><a href=\"http:\/\/lildamed.hu\/fogorvos\/wp-content\/uploads\/2024\/02\/Fogorvosi-rendel\u0151-fogorvos-zugl\u00f3-14.-ker\u00fclet.jpg\"><img decoding=\"async\" loading=\"lazy\" class=\" wp-image-1959 alignleft\" src=\"http:\/\/lildamed.hu\/fogorvos\/wp-content\/uploads\/2024\/02\/Fogorvosi-rendel\u0151-fogorvos-zugl\u00f3-14.-ker\u00fclet-687x1024.jpg\" alt=\"\" width=\"211\" height=\"315\" srcset=\"http:\/\/lildamed.hu\/fogorvos\/wp-content\/uploads\/2024\/02\/Fogorvosi-rendel\u0151-fogorvos-zugl\u00f3-14.-ker\u00fclet-687x1024.jpg 687w, http:\/\/lildamed.hu\/fogorvos\/wp-content\/uploads\/2024\/02\/Fogorvosi-rendel\u0151-fogorvos-zugl\u00f3-14.-ker\u00fclet-201x300.jpg 201w, http:\/\/lildamed.hu\/fogorvos\/wp-content\/uploads\/2024\/02\/Fogorvosi-rendel\u0151-fogorvos-zugl\u00f3-14.-ker\u00fclet-768x1144.jpg 768w, http:\/\/lildamed.hu\/fogorvos\/wp-content\/uploads\/2024\/02\/Fogorvosi-rendel\u0151-fogorvos-zugl\u00f3-14.-ker\u00fclet.jpg 1206w\" sizes=\"(max-width: 211px) 100vw, 211px\" \/><\/a><\/p>\n<p style=\"text-align: justify;\">Tanulm\u00e1nyaimat Budapesten, a Semmelweis Egyetem Fogorvostudom\u00e1nyi Kar\u00e1n v\u00e9geztem. Rezidensk\u00e9nt, majd a kiv\u00e1l\u00f3an\u00a0megfelelt Fog- \u00e9s sz\u00e1jbetegs\u00e9gek szakvizsga ut\u00e1n klinikai orvosk\u00e9nt a Semmelweis Egyetem Fogp\u00f3tl\u00e1stani Klinik\u00e1j\u00e1n dolgoztam. Gyakorlatot szereztem a speci\u00e1lis, neh\u00e9z fogp\u00f3tl\u00e1stani esetek ell\u00e1t\u00e1s\u00e1ban. Betekint\u00e9st \u00e9s gyakorlatot nyerhettem a legkorszer\u0171bb fogp\u00f3tl\u00e1si t\u00edpusok elk\u00e9sz\u00edt\u00e9s\u00e9ben, \u00e9s r\u00e9szt vettem a klinik\u00e1n foly\u00f3 oktat\u00e1sban \u00e9s kutat\u00e1sban. Tudom\u00e1nyos cikkemet a fogorvos tov\u00e1bbk\u00e9pz\u00e9sben is felhaszn\u00e1lt\u00e1k. A kiv\u00e1l\u00f3an megfelelt eredm\u00e9ny\u0171 Fogszab\u00e1lyoz\u00f3 szakvizsga megszerz\u00e9se \u00f3ta fogszab\u00e1lyoz\u00e1ssal is akt\u00edvan foglalkozom. Tud\u00e1somat az implant\u00e1ci\u00f3 (m\u0171gy\u00f6k\u00e9r be\u00fcltet\u00e9s) ter\u00fclet\u00e9re is kib\u0151v\u00edtettem. N\u00e9met\u00fcl \u00e9s angolul besz\u00e9lek.<\/p>\n<p style=\"text-align: justify;\">Nagy hangs\u00falyt fektetek arra, hogy a legkorszer\u0171bb fog\u00e1szati elj\u00e1r\u00e1sok, mint p\u00e9ld\u00e1ul a digit\u00e1lis fog\u00e1szat, (scannel\u00e9ses 3D lenyomatv\u00e9tel) \u00e9s CT felv\u00e9tel stb&#8230; is el\u00e9rhet\u0151ek legyenek rendel\u0151nkben.<\/p>\n<p style=\"text-align: justify;\">Munk\u00e1m sor\u00e1n mindig a p\u00e1cienseim sz\u00e1m\u00e1ra legmegfelel\u0151bb, \u00e9s eszt\u00e9tikailag legkedvez\u0151bb egy\u00e9ni megold\u00e1sokat v\u00e1lasztom, szem el\u0151tt tartva az eg\u00e9sz szervezet egys\u00e9g\u00e9t, \u00e9s a biol\u00f3giai fogorvosl\u00e1s alapelveit. Nagy hangs\u00falyt fektetek a megel\u0151z\u00e9sre. Minim\u00e1l invaz\u00edv, f\u00e1jdalommentes beavatkoz\u00e1sok sor\u00e1n a term\u00e9szeteshez nagyban hasonl\u00edt\u00f3, prec\u00edz helyre\u00e1ll\u00edt\u00e1sok elv\u00e9gz\u00e9s\u00e9re, \u00e9s nyugodt, szorong\u00e1smentes l\u00e9gk\u00f6r kialak\u00edt\u00e1s\u00e1ra t\u00f6rekszem, \u00edgy a t\u0151lem t\u00e1voz\u00f3k el\u00e9gedetten, b\u00e1tran \u00e9s boldogan mosolyoghatnak.<\/p>\n<h4>Dr. B\u00f3n\u00e9 Lilian \u00a0 \u00a0 \u00a0 \u00a0<em>\u00e1ltal\u00e1nos fog\u00e1szat- konzerv\u00e1l\u00f3 fog\u00e1szat-fogp\u00f3tl\u00e1s<\/em><\/h4>\n<p><a href=\"http:\/\/lildamed.hu\/fogorvos\/wp-content\/uploads\/2024\/02\/Fogorvosi-rendel\u0151-zugl\u00f3-fogorvos-14.-ker\u00fclet-2.jpg\"><img decoding=\"async\" loading=\"lazy\" class=\"wp-image-1958 alignleft\" src=\"http:\/\/lildamed.hu\/fogorvos\/wp-content\/uploads\/2024\/02\/Fogorvosi-rendel\u0151-zugl\u00f3-fogorvos-14.-ker\u00fclet-2-677x1024.jpg\" alt=\"\" width=\"204\" height=\"308\" srcset=\"http:\/\/lildamed.hu\/fogorvos\/wp-content\/uploads\/2024\/02\/Fogorvosi-rendel\u0151-zugl\u00f3-fogorvos-14.-ker\u00fclet-2-677x1024.jpg 677w, http:\/\/lildamed.hu\/fogorvos\/wp-content\/uploads\/2024\/02\/Fogorvosi-rendel\u0151-zugl\u00f3-fogorvos-14.-ker\u00fclet-2-198x300.jpg 198w, http:\/\/lildamed.hu\/fogorvos\/wp-content\/uploads\/2024\/02\/Fogorvosi-rendel\u0151-zugl\u00f3-fogorvos-14.-ker\u00fclet-2-768x1161.jpg 768w, http:\/\/lildamed.hu\/fogorvos\/wp-content\/uploads\/2024\/02\/Fogorvosi-rendel\u0151-zugl\u00f3-fogorvos-14.-ker\u00fclet-2.jpg 1296w\" sizes=\"(max-width: 204px) 100vw, 204px\" \/><\/a><\/p>\n<p>Tanulm\u00e1nyaimat a Semmelweis Egyetem Fogorvosi kar\u00e1n v\u00e9geztem. A kiv\u00e1l\u00f3an megfelelt Fog \u00e9s sz\u00e1jbetegs\u00e9gek szakvizsga \u00f3ta folyamatosan a betegell\u00e1t\u00e1sban dolgozok, kor\u00e1bban \u00e1llami \u00e9s a mag\u00e1n szektorban is, 1997 \u00f3ta kiz\u00e1r\u00f3lag Zugl\u00f3ban, a Csert\u0151 utcai mag\u00e1nrendel\u0151ben.<\/p>\n<p>A munk\u00e1m sor\u00e1n nagy gondot ford\u00edtok arra, hogy \u00a0p\u00e1cienseim a kezel\u00e9s menet\u00e9r\u0151l t\u00e1j\u00e9koztat\u00e1st kapjanak, mert ez a szorong\u00e1s, \u00e9s f\u00e1jdalommentes fog\u00e1szati kezel\u00e9s alapja.<\/p>\n<p>Arra t\u00f6rekszem ,hogy a p\u00e1cienseim a sz\u00e1mukra legoptim\u00e1lisabb kezel\u00e9st kapj\u00e1k.\u00a0 Folyamatosan\u00a0 tov\u00e1bbk\u00e9pz\u00e9seken fejlesztem magam, nyitottan a legmodernebb fog\u00e1szati elj\u00e1r\u00e1sok ir\u00e1nt.<\/p>\n<p>45 \u00e9v profizmus\u00e1val v\u00e1rom a hozz\u00e1m fordul\u00f3kat.<\/p>\n<h4><\/h4>\n<h4>Dr. Czak\u00f3 Zs\u00f3fia\u00a0 \u00a0 \u00a0 \u00a0 \u00a0<em>\u00e1ltal\u00e1nos fog\u00e1szat- konzerv\u00e1l\u00f3 fog\u00e1szat-fogp\u00f3tl\u00e1s<\/em><\/h4>\n<p><a href=\"http:\/\/lildamed.hu\/fogorvos\/wp-content\/uploads\/2024\/02\/Fogorvosi-Rendel\u0151-fohgorvos-zugl\u00f3-14.ker\u00fclet-7.jpeg\"><img decoding=\"async\" loading=\"lazy\" class=\"wp-image-1967 alignleft\" src=\"http:\/\/lildamed.hu\/fogorvos\/wp-content\/uploads\/2024\/02\/Fogorvosi-Rendel\u0151-fohgorvos-zugl\u00f3-14.ker\u00fclet-7-683x1024.jpeg\" alt=\"\" width=\"207\" height=\"311\" srcset=\"http:\/\/lildamed.hu\/fogorvos\/wp-content\/uploads\/2024\/02\/Fogorvosi-Rendel\u0151-fohgorvos-zugl\u00f3-14.ker\u00fclet-7-683x1024.jpeg 683w, http:\/\/lildamed.hu\/fogorvos\/wp-content\/uploads\/2024\/02\/Fogorvosi-Rendel\u0151-fohgorvos-zugl\u00f3-14.ker\u00fclet-7-200x300.jpeg 200w, http:\/\/lildamed.hu\/fogorvos\/wp-content\/uploads\/2024\/02\/Fogorvosi-Rendel\u0151-fohgorvos-zugl\u00f3-14.ker\u00fclet-7-768x1151.jpeg 768w, http:\/\/lildamed.hu\/fogorvos\/wp-content\/uploads\/2024\/02\/Fogorvosi-Rendel\u0151-fohgorvos-zugl\u00f3-14.ker\u00fclet-7.jpeg 854w\" sizes=\"(max-width: 207px) 100vw, 207px\" \/><\/a>Fogorvosi diplom\u00e1mat a Semmelweis Egyetem Fogorvostudom\u00e1nyi Kar\u00e1n szereztem. 2023-t\u00f3l vagyok a Lildamed Fog\u00e1szati Rendel\u0151 csapat\u00e1nak tagja.<br \/>\nSz\u00e1momra kiemelten fontos az egy\u00e9nre szabott, empatikus ell\u00e1t\u00e1s, hiszen hiszek abban, hogy a bizalom \u00e9s a nyitott kommunik\u00e1ci\u00f3 n\u00e9lk\u00fcl\u00f6zhetetlen a sikeres kezel\u00e9sekhez vezet\u0151 \u00faton. Az emberekre val\u00f3 odafigyel\u00e9s \u00e9s a szakmai fejl\u0151d\u00e9s elengedhetetlen sz\u00e1momra, ez\u00e9rt rendszeresen r\u00e9szt veszek tov\u00e1bbk\u00e9pz\u00e9seken, illetve konferenci\u00e1kon, hogy mindig naprak\u00e9sz legyek a leg\u00fajabb fog\u00e1szati elj\u00e1r\u00e1sok \u00e9s technol\u00f3gi\u00e1k ter\u00e9n.<br \/>\n\u00dagy gondolom, hogy a prevenci\u00f3 nagy jelent\u0151s\u00e9ggel b\u00edr a fog\u00e1szatban, ez\u00e9rt a kezel\u00e9sek sor\u00e1n rendszeresen t\u00e1j\u00e9koztatom p\u00e1cienseimet a sz\u00e1mukra megfelel\u0151 sz\u00e1jhigi\u00e9n\u00e9s gyakorlatokr\u00f3l \u00e9s a megel\u0151z\u0151 int\u00e9zked\u00e9sekr\u0151l. Munk\u00e1m sor\u00e1n t\u00f6rekszem arra, hogy a beavatkoz\u00e1sok nyugodt l\u00e9gk\u00f6rben teljenek, \u00e9s azt k\u00f6vet\u0151en a p\u00e1cienseim el\u00e9gedetten t\u00e1vozzanak a rendel\u0151b\u0151l.<\/p>\n<p><strong>Fog\u00e1szati asszisztensek\u00a0 \u00e9s dent\u00e1l higi\u00e9nikusok:<\/strong><\/p>\n<h4>Kov\u00e1cs Dominika<\/h4>\n<p><a href=\"http:\/\/lildamed.hu\/fogorvos\/wp-content\/uploads\/2024\/02\/Fogorvosi-rendel\u0151-fogorvos-zugl\u00f3-14.-ker\u00fclet-5.jpg\"><img decoding=\"async\" loading=\"lazy\" class=\"wp-image-1960 alignleft\" src=\"http:\/\/lildamed.hu\/fogorvos\/wp-content\/uploads\/2024\/02\/Fogorvosi-rendel\u0151-fogorvos-zugl\u00f3-14.-ker\u00fclet-5-690x1024.jpg\" alt=\"\" width=\"206\" height=\"305\" srcset=\"http:\/\/lildamed.hu\/fogorvos\/wp-content\/uploads\/2024\/02\/Fogorvosi-rendel\u0151-fogorvos-zugl\u00f3-14.-ker\u00fclet-5-690x1024.jpg 690w, http:\/\/lildamed.hu\/fogorvos\/wp-content\/uploads\/2024\/02\/Fogorvosi-rendel\u0151-fogorvos-zugl\u00f3-14.-ker\u00fclet-5-202x300.jpg 202w, http:\/\/lildamed.hu\/fogorvos\/wp-content\/uploads\/2024\/02\/Fogorvosi-rendel\u0151-fogorvos-zugl\u00f3-14.-ker\u00fclet-5-768x1140.jpg 768w, http:\/\/lildamed.hu\/fogorvos\/wp-content\/uploads\/2024\/02\/Fogorvosi-rendel\u0151-fogorvos-zugl\u00f3-14.-ker\u00fclet-5.jpg 1358w\" sizes=\"(max-width: 206px) 100vw, 206px\" \/><\/a><\/p>\n<p>A <strong>fog\u00e1szati asszisztens<\/strong> k\u00e9pz\u00e9st 2017-ben v\u00e9geztem el a Semmelweis Egyetem B\u00f3kay J\u00e1nos T\u00f6bbc\u00e9l\u00fa Szakk\u00e9pz\u0151 Int\u00e9zm\u00e9ny\u00e9ben.<\/p>\n<p>Munk\u00e1m sor\u00e1n mindig t\u00f6rekszem a precizit\u00e1sra \u00e9s a pontos munkav\u00e9gz\u00e9sre. Fontos sz\u00e1momra, hogy mindenki el\u00e9gedetten t\u00e1vozzon a kezel\u00e9s ut\u00e1n.<\/p>\n<p>Szeretek emberekkel foglalkozni. \u00d6r\u00f6mmel t\u00f6lt el, hogy nap mint nap hozz\u00e1j\u00e1rulhatok a p\u00e1ciensek boldog mosoly\u00e1hoz.<\/p>\n<h4>K\u00e1rp\u00e1ti Anik\u00f3<\/h4>\n<p><a href=\"http:\/\/lildamed.hu\/fogorvos\/wp-content\/uploads\/2024\/02\/Fogorvosi-rendel\u0151-fogorvos-zugl\u00f3-14.-ker\u00fclet-4.jpg\"><img decoding=\"async\" loading=\"lazy\" class=\"wp-image-1961 alignleft\" src=\"http:\/\/lildamed.hu\/fogorvos\/wp-content\/uploads\/2024\/02\/Fogorvosi-rendel\u0151-fogorvos-zugl\u00f3-14.-ker\u00fclet-4-682x1024.jpg\" alt=\"\" width=\"205\" height=\"308\" srcset=\"http:\/\/lildamed.hu\/fogorvos\/wp-content\/uploads\/2024\/02\/Fogorvosi-rendel\u0151-fogorvos-zugl\u00f3-14.-ker\u00fclet-4-682x1024.jpg 682w, http:\/\/lildamed.hu\/fogorvos\/wp-content\/uploads\/2024\/02\/Fogorvosi-rendel\u0151-fogorvos-zugl\u00f3-14.-ker\u00fclet-4-200x300.jpg 200w, http:\/\/lildamed.hu\/fogorvos\/wp-content\/uploads\/2024\/02\/Fogorvosi-rendel\u0151-fogorvos-zugl\u00f3-14.-ker\u00fclet-4-768x1154.jpg 768w, http:\/\/lildamed.hu\/fogorvos\/wp-content\/uploads\/2024\/02\/Fogorvosi-rendel\u0151-fogorvos-zugl\u00f3-14.-ker\u00fclet-4.jpg 1342w\" sizes=\"(max-width: 205px) 100vw, 205px\" \/><\/a><strong>Fog\u00e1szati asszisztens<\/strong> tanulm\u00e1nyaimat Budapesten, a Pannon Kincst\u00e1r Tanod\u00e1ban v\u00e9geztem 2012-ben, majd a p\u00e1ciensek sz\u00e9lesebb k\u00f6r\u0171 ell\u00e1t\u00e1sa \u00e9rdek\u00e9ben <strong>Dent\u00e1lhigi\u00e9nikusk\u00e9nt<\/strong> tanultam tov\u00e1bb.<\/p>\n<p>Mindennapi munk\u00e1m sor\u00e1n fontos szerepe van a prevenci\u00f3nak.\u00a0 C\u00e9lom, hogy min\u00e9l t\u00f6bb p\u00e1ciensnek seg\u00edtsek\u00a0eg\u00e9szs\u00e9g\u00fcgyi probl\u00e9m\u00e1iban, a kezel\u00e9sek miatti f\u00e9lelem old\u00e1s\u00e1ban, a megfelel\u0151 sz\u00e1j\u00e1pol\u00e1si szok\u00e1sok kialak\u00edt\u00e1s\u00e1ban \u00e9s megtart\u00e1s\u00e1ban, hogy az el\u00e9rt eredm\u00e9ny hossz\u00fat\u00e1v\u00fa maradjon.<\/p>\n<p>Szakmai tud\u00e1som naprak\u00e9szen tart\u00e1sa miatt rendszeresen j\u00e1rok szakmai tov\u00e1bbk\u00e9pz\u00e9sre.<\/p>\n<div><\/div>\n<div><\/div>\n<p><!--more--><\/p>\n<p><a href=\"http:\/\/lildamed.hu\/fogorvos\/wp-content\/uploads\/2020\/06\/lildamed-02.png\"><img decoding=\"async\" loading=\"lazy\" class=\" wp-image-1216 aligncenter\" src=\"http:\/\/lildamed.hu\/fogorvos\/wp-content\/uploads\/2020\/06\/lildamed-02-300x136.png\" alt=\"\" width=\"313\" height=\"142\" srcset=\"http:\/\/lildamed.hu\/fogorvos\/wp-content\/uploads\/2020\/06\/lildamed-02-300x136.png 300w, http:\/\/lildamed.hu\/fogorvos\/wp-content\/uploads\/2020\/06\/lildamed-02.png 593w\" sizes=\"(max-width: 313px) 100vw, 313px\" \/><\/a><\/p>\n","protected":false},"excerpt":{"rendered":"<p>\u00dcdv\u00f6z\u00f6lj\u00fck a Zugl\u00f3i Lildamed Fogorvosi Rendel\u0151 honlapj\u00e1n! Kellemes hangulat\u00fa, j\u00f3l felszerelt, l\u00e9gkondicion\u00e1lt fogorvosi rendel\u0151nk 30 \u00e9ve, v\u00e1rja szeretettel \u00e9s nagy szak\u00e9rtelemmel p\u00e1cienseit. C\u00e9lunk, a hozz\u00e1nk fordul\u00f3k sz\u00e1m\u00e1ra az egy\u00e9ni, legkorszer\u0171bb megold\u00e1sok alkalmaz\u00e1sa, \u00e9s a szorong\u00e1s old\u00e1sa. Rendel\u0151nk felszerelt\u00fck\u00a0a legmodernebb eszk\u00f6z\u00f6kkel \u00e9s technik\u00e1kkal.\u00a0\u00a0Munkat\u00e1rsaink tud\u00e1sukat\u00a0konferenci\u00e1kon, kongresszusokon \u00e9s tov\u00e1bbk\u00e9pz\u0151 tanfolyamokon val\u00f3 r\u00e9szv\u00e9tellel \u00e9s a szakmai irodalom olvas\u00e1s\u00e1val tartj\u00e1k szinten. A besz\u00e9d \u00e9s nevet\u00e9s sor\u00e1n el\u0151villan\u00f3 sz\u00e9p, szab\u00e1lyos, t\u00f6k\u00e9letes fogazat mindannyiunk \u00e1lma.\u00a0Eg\u00e9szs\u00e9get \u00e9s \u00e9let\u00f6r\u00f6m\u00f6t sugall, magabiztoss\u00e1got \u00e9s j\u00f3 megjelen\u00e9st k\u00f6lcs\u00f6n\u00f6z. Az eszt\u00e9tikai hat\u00e1s mellett k\u00f6nnyen tiszt\u00edthat\u00f3, a fogak \u00e9s az \u00e1llkapocs\u00edz\u00fclet egyenletesen terheltek, \u00edgy a fogszuvasod\u00e1s, a fog\u00e1gy \u00e9s r\u00e1g\u00f3\u00edz\u00fcleti betegs\u00e9gek is k\u00f6nnyebben megel\u0151zhet\u0151k.<\/p>\n<a class=\"more-link\" rel=\"nofollow\" href=\"http:\/\/lildamed.hu\/fogorvos\/bemutatkozas\/\">[Read More...]<\/a>","protected":false},"author":5,"featured_media":0,"parent":0,"menu_order":0,"comment_status":"closed","ping_status":"closed","template":"","meta":[],"_links":{"self":[{"href":"http:\/\/lildamed.hu\/fogorvos\/wp-json\/wp\/v2\/pages\/5"}],"collection":[{"href":"http:\/\/lildamed.hu\/fogorvos\/wp-json\/wp\/v2\/pages"}],"about":[{"href":"http:\/\/lildamed.hu\/fogorvos\/wp-json\/wp\/v2\/types\/page"}],"author":[{"embeddable":true,"href":"http:\/\/lildamed.hu\/fogorvos\/wp-json\/wp\/v2\/users\/5"}],"replies":[{"embeddable":true,"href":"http:\/\/lildamed.hu\/fogorvos\/wp-json\/wp\/v2\/comments?post=5"}],"version-history":[{"count":59,"href":"http:\/\/lildamed.hu\/fogorvos\/wp-json\/wp\/v2\/pages\/5\/revisions"}],"predecessor-version":[{"id":2107,"href":"http:\/\/lildamed.hu\/fogorvos\/wp-json\/wp\/v2\/pages\/5\/revisions\/2107"}],"wp:attachment":[{"href":"http:\/\/lildamed.hu\/fogorvos\/wp-json\/wp\/v2\/media?parent=5"}],"curies":[{"name":"wp","href":"https:\/\/api.w.org\/{rel}","templated":true}]}}