{"id":65,"date":"2013-12-10T20:18:18","date_gmt":"2013-12-10T20:18:18","guid":{"rendered":"http:\/\/lildamed.hu\/fogorvos\/?page_id=65"},"modified":"2026-01-19T19:08:56","modified_gmt":"2026-01-19T19:08:56","slug":"kiveheto-fogszabalyozo-keszulekek","status":"publish","type":"page","link":"http:\/\/lildamed.hu\/fogorvos\/szolgaltatasok-es-arak\/fogszabalyozas\/kiveheto-fogszabalyozo-keszulekek\/","title":{"rendered":"Kivehet\u0151 fogszab\u00e1lyz\u00f3k"},"content":{"rendered":"<h3><a href=\"http:\/\/lildamed.hu\/fogorvos\/wp-content\/uploads\/2018\/10\/kiveheto.jpg\"><img decoding=\"async\" loading=\"lazy\" class=\"size-medium wp-image-1128 alignleft\" src=\"http:\/\/lildamed.hu\/fogorvos\/wp-content\/uploads\/2018\/10\/kiveheto-300x217.jpg\" alt=\"\" width=\"300\" height=\"217\" srcset=\"http:\/\/lildamed.hu\/fogorvos\/wp-content\/uploads\/2018\/10\/kiveheto-300x217.jpg 300w, http:\/\/lildamed.hu\/fogorvos\/wp-content\/uploads\/2018\/10\/kiveheto-768x557.jpg 768w, http:\/\/lildamed.hu\/fogorvos\/wp-content\/uploads\/2018\/10\/kiveheto-1024x742.jpg 1024w\" sizes=\"(max-width: 300px) 100vw, 300px\" \/><\/a>Kivehet\u0151 fogszab\u00e1lyoz\u00f3 k\u00e9sz\u00fcl\u00e9kek<\/h3>\n<p style=\"text-align: justify;\">A kivehet\u0151 (\u00e9jszakai) k\u00e9sz\u00fcl\u00e9keket gyermekekn\u00e9l, az akt\u00edv n\u00f6veked\u00e9si id\u0151szak alatt alkalmazzuk. A fogak szab\u00e1lyoz\u00e1s\u00e1n k\u00edv\u00fcl befoly\u00e1solj\u00e1k az \u00e1llcsontok n\u00f6veked\u00e9s\u00e9t is. A bimaxill\u00e1ris k\u00e9sz\u00fcl\u00e9kek egyszerre szab\u00e1lyozz\u00e1k mindk\u00e9t \u00e1llcsontot. \u00a0A k\u00e9sz\u00fcl\u00e9keket napi 12-14 \u00f3r\u00e1n \u00e1t kell hordani, \u00edgy az \u00e9jszakai alv\u00e1s mellett m\u00e9g nappal 3-4 \u00f3ra hord\u00e1si id\u0151, \u00e9s 4-6 hetente ellen\u0151rz\u00e9s sz\u00fcks\u00e9ges.<\/p>\n<p style=\"text-align: center;\">\n<div class=\"ngg-galleryoverview\" id=\"ngg-gallery-6c4e07bfaf3b2d702ca5dda508cfb066-65\">\n\n\n\t<!-- Thumbnails -->\n    \t\t\n\t<div id=\"ngg-image-72\" class=\"ngg-gallery-thumbnail-box\"  >\n\t\t<div class=\"ngg-gallery-thumbnail\" >\n\t\t\t<a href=\"http:\/\/lildamed.hu\/fogorvos\/wp-content\/gallery\/kiveheto\/image01204.jpg\"\n               title=\" \"\n               class=\"ngg-fancybox\" rel=\"6c4e07bfaf3b2d702ca5dda508cfb066\" data-image-id=\"72\" data-src=\"http:\/\/lildamed.hu\/fogorvos\/wp-content\/gallery\/kiveheto\/image01204.jpg\" data-thumbnail=\"http:\/\/lildamed.hu\/fogorvos\/wp-content\/gallery\/kiveheto\/thumbs\/thumbs_image01204.jpg\" data-title=\"Kivehet\u0151 fogszab\u00e1lyoz\u00f3 k\u00e9sz\u00fcl\u00e9kek\" data-description=\" \" >\n\t\t\t\t\t\t\t\t<img title=\"Kivehet\u0151 fogszab\u00e1lyoz\u00f3 k\u00e9sz\u00fcl\u00e9kek\" alt=\"Kivehet\u0151 fogszab\u00e1lyoz\u00f3 k\u00e9sz\u00fcl\u00e9kek\" src=\"http:\/\/lildamed.hu\/fogorvos\/wp-content\/gallery\/kiveheto\/thumbs\/thumbs_image01204.jpg\" width='80' height='80' \/>\n\t\t\t\t\t\t\t<\/a>\n\t\t<\/div>\n\t<\/div>\n\n            \n \t\t\n\t<div id=\"ngg-image-73\" class=\"ngg-gallery-thumbnail-box\"  >\n\t\t<div class=\"ngg-gallery-thumbnail\" >\n\t\t\t<a href=\"http:\/\/lildamed.hu\/fogorvos\/wp-content\/gallery\/kiveheto\/image10002.jpg\"\n               title=\" \"\n               class=\"ngg-fancybox\" rel=\"6c4e07bfaf3b2d702ca5dda508cfb066\" data-image-id=\"73\" data-src=\"http:\/\/lildamed.hu\/fogorvos\/wp-content\/gallery\/kiveheto\/image10002.jpg\" data-thumbnail=\"http:\/\/lildamed.hu\/fogorvos\/wp-content\/gallery\/kiveheto\/thumbs\/thumbs_image10002.jpg\" data-title=\"Kivehet\u0151 fogszab\u00e1lyoz\u00f3 k\u00e9sz\u00fcl\u00e9kek\" data-description=\" \" >\n\t\t\t\t\t\t\t\t<img title=\"Kivehet\u0151 fogszab\u00e1lyoz\u00f3 k\u00e9sz\u00fcl\u00e9kek\" alt=\"Kivehet\u0151 fogszab\u00e1lyoz\u00f3 k\u00e9sz\u00fcl\u00e9kek\" src=\"http:\/\/lildamed.hu\/fogorvos\/wp-content\/gallery\/kiveheto\/thumbs\/thumbs_image10002.jpg\" width='80' height='80' \/>\n\t\t\t\t\t\t\t<\/a>\n\t\t<\/div>\n\t<\/div>\n\n            \n \t \t\n\t<!-- Pagination -->\n \t<div class='ngg-clear'><\/div> \t\n<\/div>\n\n<\/p>\n<p><a href=\"http:\/\/lildamed.hu\/fogorvos\/lildamed-fogorvosi-rendelo-arak-fogszabalyozas-tomes-hej-fogpotlas\/\">\u00c1rak&gt;&gt;&gt;<\/a><\/p>\n<h3><a href=\"https:\/\/www.chatbase.co\/chatbot-iframe\/NTwxskpG_O2ifB4Xtu507\"><img decoding=\"async\" loading=\"lazy\" class=\"wp-image-2247 aligncenter\" src=\"http:\/\/lildamed.hu\/fogorvos\/wp-content\/uploads\/2026\/01\/Lildamed-AI-Asszisztens-1024x683.png\" alt=\"\" width=\"272\" height=\"182\" srcset=\"http:\/\/lildamed.hu\/fogorvos\/wp-content\/uploads\/2026\/01\/Lildamed-AI-Asszisztens-1024x683.png 1024w, http:\/\/lildamed.hu\/fogorvos\/wp-content\/uploads\/2026\/01\/Lildamed-AI-Asszisztens-300x200.png 300w, http:\/\/lildamed.hu\/fogorvos\/wp-content\/uploads\/2026\/01\/Lildamed-AI-Asszisztens-768x512.png 768w, http:\/\/lildamed.hu\/fogorvos\/wp-content\/uploads\/2026\/01\/Lildamed-AI-Asszisztens.png 1536w\" sizes=\"(max-width: 272px) 100vw, 272px\" \/><\/a><\/h3>\n<p><a href=\"http:\/\/lildamed.hu\/fogorvos\/wp-content\/uploads\/2020\/06\/lildamed-08.png\"><img decoding=\"async\" loading=\"lazy\" class=\"wp-image-1218 aligncenter\" src=\"http:\/\/lildamed.hu\/fogorvos\/wp-content\/uploads\/2020\/06\/lildamed-08-295x300.png\" alt=\"\" width=\"138\" height=\"140\" srcset=\"http:\/\/lildamed.hu\/fogorvos\/wp-content\/uploads\/2020\/06\/lildamed-08-295x300.png 295w, http:\/\/lildamed.hu\/fogorvos\/wp-content\/uploads\/2020\/06\/lildamed-08.png 366w\" sizes=\"(max-width: 138px) 100vw, 138px\" \/><\/a><\/p>\n","protected":false},"excerpt":{"rendered":"<p>Kivehet\u0151 fogszab\u00e1lyoz\u00f3 k\u00e9sz\u00fcl\u00e9kek A kivehet\u0151 (\u00e9jszakai) k\u00e9sz\u00fcl\u00e9keket gyermekekn\u00e9l, az akt\u00edv n\u00f6veked\u00e9si id\u0151szak alatt alkalmazzuk. A fogak szab\u00e1lyoz\u00e1s\u00e1n k\u00edv\u00fcl befoly\u00e1solj\u00e1k az \u00e1llcsontok n\u00f6veked\u00e9s\u00e9t is. A bimaxill\u00e1ris k\u00e9sz\u00fcl\u00e9kek egyszerre szab\u00e1lyozz\u00e1k mindk\u00e9t \u00e1llcsontot. \u00a0A k\u00e9sz\u00fcl\u00e9keket napi 12-14 \u00f3r\u00e1n \u00e1t kell hordani, \u00edgy az \u00e9jszakai alv\u00e1s mellett m\u00e9g nappal 3-4 \u00f3ra hord\u00e1si id\u0151, \u00e9s 4-6 hetente ellen\u0151rz\u00e9s sz\u00fcks\u00e9ges. \u00c1rak&gt;&gt;&gt;<\/p>\n<a class=\"more-link\" rel=\"nofollow\" href=\"http:\/\/lildamed.hu\/fogorvos\/szolgaltatasok-es-arak\/fogszabalyozas\/kiveheto-fogszabalyozo-keszulekek\/\">[Read More...]<\/a>","protected":false},"author":5,"featured_media":0,"parent":61,"menu_order":0,"comment_status":"closed","ping_status":"closed","template":"","meta":[],"_links":{"self":[{"href":"http:\/\/lildamed.hu\/fogorvos\/wp-json\/wp\/v2\/pages\/65"}],"collection":[{"href":"http:\/\/lildamed.hu\/fogorvos\/wp-json\/wp\/v2\/pages"}],"about":[{"href":"http:\/\/lildamed.hu\/fogorvos\/wp-json\/wp\/v2\/types\/page"}],"author":[{"embeddable":true,"href":"http:\/\/lildamed.hu\/fogorvos\/wp-json\/wp\/v2\/users\/5"}],"replies":[{"embeddable":true,"href":"http:\/\/lildamed.hu\/fogorvos\/wp-json\/wp\/v2\/comments?post=65"}],"version-history":[{"count":10,"href":"http:\/\/lildamed.hu\/fogorvos\/wp-json\/wp\/v2\/pages\/65\/revisions"}],"predecessor-version":[{"id":2271,"href":"http:\/\/lildamed.hu\/fogorvos\/wp-json\/wp\/v2\/pages\/65\/revisions\/2271"}],"up":[{"embeddable":true,"href":"http:\/\/lildamed.hu\/fogorvos\/wp-json\/wp\/v2\/pages\/61"}],"wp:attachment":[{"href":"http:\/\/lildamed.hu\/fogorvos\/wp-json\/wp\/v2\/media?parent=65"}],"curies":[{"name":"wp","href":"https:\/\/api.w.org\/{rel}","templated":true}]}}