{"id":70,"date":"2013-12-10T20:23:05","date_gmt":"2013-12-10T20:23:05","guid":{"rendered":"http:\/\/lildamed.hu\/fogorvos\/?page_id=70"},"modified":"2026-01-19T19:11:45","modified_gmt":"2026-01-19T19:11:45","slug":"rogzitett-fogszabalyozo-keszulekek","status":"publish","type":"page","link":"http:\/\/lildamed.hu\/fogorvos\/szolgaltatasok-es-arak\/fogszabalyozas\/rogzitett-fogszabalyozo-keszulekek\/","title":{"rendered":"R\u00f6gz\u00edtett fogszab\u00e1lyz\u00f3k"},"content":{"rendered":"<h3>R\u00f6gz\u00edtett k\u00fcls\u0151 fogszab\u00e1lyoz\u00f3 k\u00e9sz\u00fcl\u00e9kek<\/h3>\n<p style=\"text-align: justify;\"><span style=\"text-align: justify; line-height: 1.5em;\"><a href=\"http:\/\/lildamed.hu\/fogorvos\/wp-content\/uploads\/2018\/10\/f\u00e9m-zafir.jpg\"><img decoding=\"async\" loading=\"lazy\" class=\" wp-image-1118 alignright\" src=\"http:\/\/lildamed.hu\/fogorvos\/wp-content\/uploads\/2018\/10\/f\u00e9m-zafir-300x213.jpg\" alt=\"\" width=\"349\" height=\"248\" srcset=\"http:\/\/lildamed.hu\/fogorvos\/wp-content\/uploads\/2018\/10\/f\u00e9m-zafir-300x213.jpg 300w, http:\/\/lildamed.hu\/fogorvos\/wp-content\/uploads\/2018\/10\/f\u00e9m-zafir-768x544.jpg 768w, http:\/\/lildamed.hu\/fogorvos\/wp-content\/uploads\/2018\/10\/f\u00e9m-zafir-1024x725.jpg 1024w\" sizes=\"(max-width: 349px) 100vw, 349px\" \/><\/a>A r\u00f6gz\u00edtett fogszab\u00e1lyoz\u00f3 k\u00e9sz\u00fcl\u00e9k a h\u00e1ts\u00f3 fogakon elhelyezked\u0151 tubusb\u00f3l, vagy gy\u0171r\u0171b\u0151l, a t\u00f6bbi fogra felragasztott piciny z\u00e1rakb\u00f3l (bracket) \u00e9s egy finom \u00edvb\u0151l \u00e1ll. <\/span><\/p>\n<p style=\"text-align: justify;\"><span style=\"text-align: justify; line-height: 1.5em;\">A bracket anyaga v\u00e1laszthat\u00f3. A r\u00f6gz\u00edtett k\u00e9sz\u00fcl\u00e9k lehet f\u00e9m, eszt\u00e9tikus porcel\u00e1n, vagy teljesen \u00e1tl\u00e1tsz\u00f3 zaf\u00edr krist\u00e1ly. <\/span><\/p>\n<p style=\"text-align: justify;\"><span style=\"text-align: justify; line-height: 1.5em;\">Az \u00f6nlig\u00edroz\u00f3 (\u00f6nbek\u00f6t\u0151) brackettek gyorsabb fogmozgat\u00e1st tesznek lehet\u0151v\u00e9. Az eszt\u00e9tikus brackettek szinte \u00e9szrevehetetlenek. <\/span><\/p>\n<p style=\"text-align: justify;\"><span style=\"text-align: justify; line-height: 1.5em;\">A kezel\u00e9s esett\u0151l f\u00fcgg\u0151en kb. 1-2 \u00e9vig tart \u00e9s szoros egy\u00fcttm\u0171k\u00f6d\u00e9st ig\u00e9nyel. Rendszeresen, kb. 4-6 hetente ellen\u0151rizz\u00fck, cser\u00e9lj\u00fck, sz\u00fcks\u00e9g eset\u00e9n tiszt\u00edtjuk a k\u00e9sz\u00fcl\u00e9ket \u00e9s a fogakat.<\/span><\/p>\n<h3 style=\"text-align: justify;\">Saj\u00e1t esetek:<\/h3>\n\n<div class=\"ngg-galleryoverview\" id=\"ngg-gallery-b73734a3a86ff246ad11c538a5177d1f-70\">\n\n\n\t<!-- Thumbnails -->\n    \t\t\n\t<div id=\"ngg-image-62\" class=\"ngg-gallery-thumbnail-box\"  >\n\t\t<div class=\"ngg-gallery-thumbnail\" >\n\t\t\t<a href=\"http:\/\/lildamed.hu\/fogorvos\/wp-content\/gallery\/fogszagalyozas-rogzitett\/ab.jpg\"\n               title=\"Fogszab\u00e1lyoz\u00e1si esetek - El\u0151tte, ut\u00e1na\"\n               class=\"ngg-fancybox\" rel=\"b73734a3a86ff246ad11c538a5177d1f\" data-image-id=\"62\" data-src=\"http:\/\/lildamed.hu\/fogorvos\/wp-content\/gallery\/fogszagalyozas-rogzitett\/ab.jpg\" data-thumbnail=\"http:\/\/lildamed.hu\/fogorvos\/wp-content\/gallery\/fogszagalyozas-rogzitett\/thumbs\/thumbs_ab.jpg\" data-title=\"Fogszab\u00e1lyoz\u00e1si esetek - El\u0151tte, ut\u00e1na\" data-description=\"Fogszab\u00e1lyoz\u00e1si esetek - El\u0151tte, ut\u00e1na\" >\n\t\t\t\t\t\t\t\t<img title=\"Fogszab\u00e1lyoz\u00e1si esetek - El\u0151tte, ut\u00e1na\" alt=\"Fogszab\u00e1lyoz\u00e1si esetek - El\u0151tte, ut\u00e1na\" src=\"http:\/\/lildamed.hu\/fogorvos\/wp-content\/gallery\/fogszagalyozas-rogzitett\/thumbs\/thumbs_ab.jpg\" width='110' height='50' \/>\n\t\t\t\t\t\t\t<\/a>\n\t\t<\/div>\n\t<\/div>\n\n            \n \t\t\n\t<div id=\"ngg-image-63\" class=\"ngg-gallery-thumbnail-box\"  >\n\t\t<div class=\"ngg-gallery-thumbnail\" >\n\t\t\t<a href=\"http:\/\/lildamed.hu\/fogorvos\/wp-content\/gallery\/fogszagalyozas-rogzitett\/azs.jpg\"\n               title=\"Fogszab\u00e1lyoz\u00e1si esetek - El\u0151tte, ut\u00e1na\"\n               class=\"ngg-fancybox\" rel=\"b73734a3a86ff246ad11c538a5177d1f\" data-image-id=\"63\" data-src=\"http:\/\/lildamed.hu\/fogorvos\/wp-content\/gallery\/fogszagalyozas-rogzitett\/azs.jpg\" data-thumbnail=\"http:\/\/lildamed.hu\/fogorvos\/wp-content\/gallery\/fogszagalyozas-rogzitett\/thumbs\/thumbs_azs.jpg\" data-title=\"Fogszab\u00e1lyoz\u00e1si esetek - El\u0151tte, ut\u00e1na\" data-description=\"Fogszab\u00e1lyoz\u00e1si esetek - El\u0151tte, ut\u00e1na\" >\n\t\t\t\t\t\t\t\t<img title=\"Fogszab\u00e1lyoz\u00e1si esetek - El\u0151tte, ut\u00e1na\" alt=\"Fogszab\u00e1lyoz\u00e1si esetek - El\u0151tte, ut\u00e1na\" src=\"http:\/\/lildamed.hu\/fogorvos\/wp-content\/gallery\/fogszagalyozas-rogzitett\/thumbs\/thumbs_azs.jpg\" width='110' height='50' \/>\n\t\t\t\t\t\t\t<\/a>\n\t\t<\/div>\n\t<\/div>\n\n            \n \t\t\n\t<div id=\"ngg-image-64\" class=\"ngg-gallery-thumbnail-box\"  >\n\t\t<div class=\"ngg-gallery-thumbnail\" >\n\t\t\t<a href=\"http:\/\/lildamed.hu\/fogorvos\/wp-content\/gallery\/fogszagalyozas-rogzitett\/bk.jpg\"\n               title=\"Fogszab\u00e1lyoz\u00e1si esetek - El\u0151tte, ut\u00e1na\"\n               class=\"ngg-fancybox\" rel=\"b73734a3a86ff246ad11c538a5177d1f\" data-image-id=\"64\" data-src=\"http:\/\/lildamed.hu\/fogorvos\/wp-content\/gallery\/fogszagalyozas-rogzitett\/bk.jpg\" data-thumbnail=\"http:\/\/lildamed.hu\/fogorvos\/wp-content\/gallery\/fogszagalyozas-rogzitett\/thumbs\/thumbs_bk.jpg\" data-title=\"Fogszab\u00e1lyoz\u00e1si esetek - El\u0151tte, ut\u00e1na\" data-description=\"Fogszab\u00e1lyoz\u00e1si esetek - El\u0151tte, ut\u00e1na\" >\n\t\t\t\t\t\t\t\t<img title=\"Fogszab\u00e1lyoz\u00e1si esetek - El\u0151tte, ut\u00e1na\" alt=\"Fogszab\u00e1lyoz\u00e1si esetek - El\u0151tte, ut\u00e1na\" src=\"http:\/\/lildamed.hu\/fogorvos\/wp-content\/gallery\/fogszagalyozas-rogzitett\/thumbs\/thumbs_bk.jpg\" width='110' height='50' \/>\n\t\t\t\t\t\t\t<\/a>\n\t\t<\/div>\n\t<\/div>\n\n            \n \t\t\n\t<div id=\"ngg-image-65\" class=\"ngg-gallery-thumbnail-box\"  >\n\t\t<div class=\"ngg-gallery-thumbnail\" >\n\t\t\t<a href=\"http:\/\/lildamed.hu\/fogorvos\/wp-content\/gallery\/fogszagalyozas-rogzitett\/dzs.jpg\"\n               title=\"Fogszab\u00e1lyoz\u00e1si esetek - El\u0151tte, ut\u00e1na\"\n               class=\"ngg-fancybox\" rel=\"b73734a3a86ff246ad11c538a5177d1f\" data-image-id=\"65\" data-src=\"http:\/\/lildamed.hu\/fogorvos\/wp-content\/gallery\/fogszagalyozas-rogzitett\/dzs.jpg\" data-thumbnail=\"http:\/\/lildamed.hu\/fogorvos\/wp-content\/gallery\/fogszagalyozas-rogzitett\/thumbs\/thumbs_dzs.jpg\" data-title=\"Fogszab\u00e1lyoz\u00e1si esetek - El\u0151tte, ut\u00e1na\" data-description=\"Fogszab\u00e1lyoz\u00e1si esetek - El\u0151tte, ut\u00e1na\" >\n\t\t\t\t\t\t\t\t<img title=\"Fogszab\u00e1lyoz\u00e1si esetek - El\u0151tte, ut\u00e1na\" alt=\"Fogszab\u00e1lyoz\u00e1si esetek - El\u0151tte, ut\u00e1na\" src=\"http:\/\/lildamed.hu\/fogorvos\/wp-content\/gallery\/fogszagalyozas-rogzitett\/thumbs\/thumbs_dzs.jpg\" width='110' height='50' \/>\n\t\t\t\t\t\t\t<\/a>\n\t\t<\/div>\n\t<\/div>\n\n            \n \t\t\n\t<div id=\"ngg-image-66\" class=\"ngg-gallery-thumbnail-box\"  >\n\t\t<div class=\"ngg-gallery-thumbnail\" >\n\t\t\t<a href=\"http:\/\/lildamed.hu\/fogorvos\/wp-content\/gallery\/fogszagalyozas-rogzitett\/gh.jpg\"\n               title=\"Fogszab\u00e1lyoz\u00e1si esetek - El\u0151tte, ut\u00e1na\"\n               class=\"ngg-fancybox\" rel=\"b73734a3a86ff246ad11c538a5177d1f\" data-image-id=\"66\" data-src=\"http:\/\/lildamed.hu\/fogorvos\/wp-content\/gallery\/fogszagalyozas-rogzitett\/gh.jpg\" data-thumbnail=\"http:\/\/lildamed.hu\/fogorvos\/wp-content\/gallery\/fogszagalyozas-rogzitett\/thumbs\/thumbs_gh.jpg\" data-title=\"Fogszab\u00e1lyoz\u00e1si esetek - El\u0151tte, ut\u00e1na\" data-description=\"Fogszab\u00e1lyoz\u00e1si esetek - El\u0151tte, ut\u00e1na\" >\n\t\t\t\t\t\t\t\t<img title=\"Fogszab\u00e1lyoz\u00e1si esetek - El\u0151tte, ut\u00e1na\" alt=\"Fogszab\u00e1lyoz\u00e1si esetek - El\u0151tte, ut\u00e1na\" src=\"http:\/\/lildamed.hu\/fogorvos\/wp-content\/gallery\/fogszagalyozas-rogzitett\/thumbs\/thumbs_gh.jpg\" width='110' height='50' \/>\n\t\t\t\t\t\t\t<\/a>\n\t\t<\/div>\n\t<\/div>\n\n            \n \t\t\n\t<div id=\"ngg-image-67\" class=\"ngg-gallery-thumbnail-box\"  >\n\t\t<div class=\"ngg-gallery-thumbnail\" >\n\t\t\t<a href=\"http:\/\/lildamed.hu\/fogorvos\/wp-content\/gallery\/fogszagalyozas-rogzitett\/ka.jpg\"\n               title=\"Fogszab\u00e1lyoz\u00e1si esetek - El\u0151tte, ut\u00e1na\"\n               class=\"ngg-fancybox\" rel=\"b73734a3a86ff246ad11c538a5177d1f\" data-image-id=\"67\" data-src=\"http:\/\/lildamed.hu\/fogorvos\/wp-content\/gallery\/fogszagalyozas-rogzitett\/ka.jpg\" data-thumbnail=\"http:\/\/lildamed.hu\/fogorvos\/wp-content\/gallery\/fogszagalyozas-rogzitett\/thumbs\/thumbs_ka.jpg\" data-title=\"Fogszab\u00e1lyoz\u00e1si esetek - El\u0151tte, ut\u00e1na\" data-description=\"Fogszab\u00e1lyoz\u00e1si esetek - El\u0151tte, ut\u00e1na\" >\n\t\t\t\t\t\t\t\t<img title=\"Fogszab\u00e1lyoz\u00e1si esetek - El\u0151tte, ut\u00e1na\" alt=\"Fogszab\u00e1lyoz\u00e1si esetek - El\u0151tte, ut\u00e1na\" src=\"http:\/\/lildamed.hu\/fogorvos\/wp-content\/gallery\/fogszagalyozas-rogzitett\/thumbs\/thumbs_ka.jpg\" width='110' height='50' \/>\n\t\t\t\t\t\t\t<\/a>\n\t\t<\/div>\n\t<\/div>\n\n            \n \t\t\n\t<div id=\"ngg-image-68\" class=\"ngg-gallery-thumbnail-box\"  >\n\t\t<div class=\"ngg-gallery-thumbnail\" >\n\t\t\t<a href=\"http:\/\/lildamed.hu\/fogorvos\/wp-content\/gallery\/fogszagalyozas-rogzitett\/kp.jpg\"\n               title=\"Fogszab\u00e1lyoz\u00e1si esetek - El\u0151tte, ut\u00e1na\"\n               class=\"ngg-fancybox\" rel=\"b73734a3a86ff246ad11c538a5177d1f\" data-image-id=\"68\" data-src=\"http:\/\/lildamed.hu\/fogorvos\/wp-content\/gallery\/fogszagalyozas-rogzitett\/kp.jpg\" data-thumbnail=\"http:\/\/lildamed.hu\/fogorvos\/wp-content\/gallery\/fogszagalyozas-rogzitett\/thumbs\/thumbs_kp.jpg\" data-title=\"Fogszab\u00e1lyoz\u00e1si esetek - El\u0151tte, ut\u00e1na\" data-description=\"Fogszab\u00e1lyoz\u00e1si esetek - El\u0151tte, ut\u00e1na\" >\n\t\t\t\t\t\t\t\t<img title=\"Fogszab\u00e1lyoz\u00e1si esetek - El\u0151tte, ut\u00e1na\" alt=\"Fogszab\u00e1lyoz\u00e1si esetek - El\u0151tte, ut\u00e1na\" src=\"http:\/\/lildamed.hu\/fogorvos\/wp-content\/gallery\/fogszagalyozas-rogzitett\/thumbs\/thumbs_kp.jpg\" width='110' height='50' \/>\n\t\t\t\t\t\t\t<\/a>\n\t\t<\/div>\n\t<\/div>\n\n            \n \t\t\n\t<div id=\"ngg-image-69\" class=\"ngg-gallery-thumbnail-box\"  >\n\t\t<div class=\"ngg-gallery-thumbnail\" >\n\t\t\t<a href=\"http:\/\/lildamed.hu\/fogorvos\/wp-content\/gallery\/fogszagalyozas-rogzitett\/msz.jpg\"\n               title=\"Fogszab\u00e1lyoz\u00e1si esetek - El\u0151tte, ut\u00e1na\"\n               class=\"ngg-fancybox\" rel=\"b73734a3a86ff246ad11c538a5177d1f\" data-image-id=\"69\" data-src=\"http:\/\/lildamed.hu\/fogorvos\/wp-content\/gallery\/fogszagalyozas-rogzitett\/msz.jpg\" data-thumbnail=\"http:\/\/lildamed.hu\/fogorvos\/wp-content\/gallery\/fogszagalyozas-rogzitett\/thumbs\/thumbs_msz.jpg\" data-title=\"Fogszab\u00e1lyoz\u00e1si esetek - El\u0151tte, ut\u00e1na\" data-description=\"Fogszab\u00e1lyoz\u00e1si esetek - El\u0151tte, ut\u00e1na\" >\n\t\t\t\t\t\t\t\t<img title=\"Fogszab\u00e1lyoz\u00e1si esetek - El\u0151tte, ut\u00e1na\" alt=\"Fogszab\u00e1lyoz\u00e1si esetek - El\u0151tte, ut\u00e1na\" src=\"http:\/\/lildamed.hu\/fogorvos\/wp-content\/gallery\/fogszagalyozas-rogzitett\/thumbs\/thumbs_msz.jpg\" width='110' height='50' \/>\n\t\t\t\t\t\t\t<\/a>\n\t\t<\/div>\n\t<\/div>\n\n            \n \t\t\n\t<div id=\"ngg-image-70\" class=\"ngg-gallery-thumbnail-box\"  >\n\t\t<div class=\"ngg-gallery-thumbnail\" >\n\t\t\t<a href=\"http:\/\/lildamed.hu\/fogorvos\/wp-content\/gallery\/fogszagalyozas-rogzitett\/tm.jpg\"\n               title=\"Fogszab\u00e1lyoz\u00e1si esetek - El\u0151tte, ut\u00e1na\"\n               class=\"ngg-fancybox\" rel=\"b73734a3a86ff246ad11c538a5177d1f\" data-image-id=\"70\" data-src=\"http:\/\/lildamed.hu\/fogorvos\/wp-content\/gallery\/fogszagalyozas-rogzitett\/tm.jpg\" data-thumbnail=\"http:\/\/lildamed.hu\/fogorvos\/wp-content\/gallery\/fogszagalyozas-rogzitett\/thumbs\/thumbs_tm.jpg\" data-title=\"Fogszab\u00e1lyoz\u00e1si esetek - El\u0151tte, ut\u00e1na\" data-description=\"Fogszab\u00e1lyoz\u00e1si esetek - El\u0151tte, ut\u00e1na\" >\n\t\t\t\t\t\t\t\t<img title=\"Fogszab\u00e1lyoz\u00e1si esetek - El\u0151tte, ut\u00e1na\" alt=\"Fogszab\u00e1lyoz\u00e1si esetek - El\u0151tte, ut\u00e1na\" src=\"http:\/\/lildamed.hu\/fogorvos\/wp-content\/gallery\/fogszagalyozas-rogzitett\/thumbs\/thumbs_tm.jpg\" width='110' height='50' \/>\n\t\t\t\t\t\t\t<\/a>\n\t\t<\/div>\n\t<\/div>\n\n            \n \t\t\n\t<div id=\"ngg-image-71\" class=\"ngg-gallery-thumbnail-box\"  >\n\t\t<div class=\"ngg-gallery-thumbnail\" >\n\t\t\t<a href=\"http:\/\/lildamed.hu\/fogorvos\/wp-content\/gallery\/fogszagalyozas-rogzitett\/wr01.jpg\"\n               title=\"Fogszab\u00e1lyoz\u00e1si esetek - El\u0151tte, ut\u00e1na\"\n               class=\"ngg-fancybox\" rel=\"b73734a3a86ff246ad11c538a5177d1f\" data-image-id=\"71\" data-src=\"http:\/\/lildamed.hu\/fogorvos\/wp-content\/gallery\/fogszagalyozas-rogzitett\/wr01.jpg\" data-thumbnail=\"http:\/\/lildamed.hu\/fogorvos\/wp-content\/gallery\/fogszagalyozas-rogzitett\/thumbs\/thumbs_wr01.jpg\" data-title=\"Fogszab\u00e1lyoz\u00e1si esetek - El\u0151tte, ut\u00e1na\" data-description=\"Fogszab\u00e1lyoz\u00e1si esetek - El\u0151tte, ut\u00e1na\" >\n\t\t\t\t\t\t\t\t<img title=\"Fogszab\u00e1lyoz\u00e1si esetek - El\u0151tte, ut\u00e1na\" alt=\"Fogszab\u00e1lyoz\u00e1si esetek - El\u0151tte, ut\u00e1na\" src=\"http:\/\/lildamed.hu\/fogorvos\/wp-content\/gallery\/fogszagalyozas-rogzitett\/thumbs\/thumbs_wr01.jpg\" width='110' height='50' \/>\n\t\t\t\t\t\t\t<\/a>\n\t\t<\/div>\n\t<\/div>\n\n            \n \t \t\n\t<!-- Pagination -->\n \t<div class='ngg-clear'><\/div> \t\n<\/div>\n\n\n<h3><a href=\"http:\/\/lildamed.hu\/fogorvos\/lildamed-fogorvosi-rendelo-arak-fogszabalyozas-tomes-hej-fogpotlas\/\">\u00c1rak&gt;&gt;&gt;<\/a><\/h3>\n<p style=\"text-align: center;\"><strong>Egy \u00f6sszeg\u0171 befizet\u00e9s eset\u00e9n a k\u00e9sz\u00fcl\u00e9kek \u00e1r\u00e1b\u00f3l\u00a0<span style=\"color: #ff0000;\">10%\u00a0<\/span>kedvezm\u00e9ny vehet\u0151 ig\u00e9nybe!<\/strong><\/p>\n<h4 style=\"text-align: center;\"><span style=\"color: #ff0000;\">Kamatmentes r\u00e9szletfizet\u00e9si lehet\u0151s\u00e9g!<\/span><\/h4>\n<p>Kezd\u0151 r\u00e9szlet:<\/p>\n<table>\n<tbody class=\"tablefogvedo\">\n<tr>\n<td>Mini f\u00e9m \/ \u00e1llcsont<\/td>\n<td>50.000 Ft<\/td>\n<\/tr>\n<tr>\n<td>Iconix eszt\u00e9tikus (pezsg\u0151sz\u00edn) f\u00e9m \/ \u00e1llcsont<\/td>\n<td>55.000 Ft<\/td>\n<\/tr>\n<\/tbody>\n<\/table>\n<table>\n<tbody class=\"tablefogvedo\">\n<tr>\n<td>Ker\u00e1mia (porcel\u00e1n) \/\u00a0 \u00e1llcsont<\/td>\n<td>60.000 Ft<\/td>\n<\/tr>\n<tr>\n<td>Eszt\u00e9tikus (\u00e1tl\u00e1tsz\u00f3 zaf\u00edr krist\u00e1ly) \u00a0\/ \u00e1llcsont<\/td>\n<td>70.000 Ft<\/td>\n<\/tr>\n<tr>\n<td>\u00d6nlig\u00edroz\u00f3 f\u00e9m \/ \u00e1llcsont<\/td>\n<td>70.000 Ft<\/td>\n<\/tr>\n<tr>\n<td>\u00d6nlig\u00edroz\u00f3, eszt\u00e9tikus \/ \u00e1llcsont<\/td>\n<td>80.000 Ft<\/td>\n<\/tr>\n<\/tbody>\n<\/table>\n<p style=\"text-align: left;\"><a href=\"http:\/\/lildamed.hu\/fogorvos\/biologiai-fogszabalyozas-damonsystem\/\">\u00d6nlig\u00edroz\u00f3 k\u00e9sz\u00fcl\u00e9kek &#8211; Damon System &gt;&gt;&gt;<\/a><\/p>\n<table>\n<tbody class=\"tablefogvedo\">\n<tr>\n<td>R\u00f6gz\u00edtett k\u00e9sz\u00fcl\u00e9k aktiv\u00e1l\u00e1sa alkalmank\u00e9nt \/ \u00e1llcsont<\/td>\n<td>10.000 Ft-t\u00f3l<\/td>\n<\/tr>\n<tr>\n<td>K\u00e9sz\u00fcl\u00e9k felhelyez\u00e9se, illetve elt\u00e1vol\u00edt\u00e1sa \/ \u00e1llcsont<\/td>\n<td>25.000 Ft<\/td>\n<\/tr>\n<\/tbody>\n<\/table>\n<p style=\"text-align: left;\"><a href=\"http:\/\/lildamed.hu\/fogorvos\/wp-content\/uploads\/2018\/10\/fem-szines-gumik.jpg\"><img decoding=\"async\" loading=\"lazy\" class=\"size-medium wp-image-1140 alignleft\" src=\"http:\/\/lildamed.hu\/fogorvos\/wp-content\/uploads\/2018\/10\/fem-szines-gumik-300x163.jpg\" alt=\"\" width=\"300\" height=\"163\" srcset=\"http:\/\/lildamed.hu\/fogorvos\/wp-content\/uploads\/2018\/10\/fem-szines-gumik-300x163.jpg 300w, http:\/\/lildamed.hu\/fogorvos\/wp-content\/uploads\/2018\/10\/fem-szines-gumik-768x417.jpg 768w, http:\/\/lildamed.hu\/fogorvos\/wp-content\/uploads\/2018\/10\/fem-szines-gumik-1024x556.jpg 1024w\" sizes=\"(max-width: 300px) 100vw, 300px\" \/><\/a><\/p>\n<p style=\"text-align: left;\">A f\u00e9m fogszab\u00e1lyoz\u00f3 k\u00e9sz\u00fcl\u00e9kre k\u00edv\u00e1ns\u00e1g szerint sz\u00ednes gumi bek\u00f6t\u00e9st is tudunk tenni.<\/p>\n<h3><a href=\"https:\/\/www.chatbase.co\/chatbot-iframe\/NTwxskpG_O2ifB4Xtu507\"><img decoding=\"async\" loading=\"lazy\" class=\"wp-image-2247 aligncenter\" src=\"http:\/\/lildamed.hu\/fogorvos\/wp-content\/uploads\/2026\/01\/Lildamed-AI-Asszisztens-1024x683.png\" alt=\"\" width=\"272\" height=\"182\" srcset=\"http:\/\/lildamed.hu\/fogorvos\/wp-content\/uploads\/2026\/01\/Lildamed-AI-Asszisztens-1024x683.png 1024w, http:\/\/lildamed.hu\/fogorvos\/wp-content\/uploads\/2026\/01\/Lildamed-AI-Asszisztens-300x200.png 300w, http:\/\/lildamed.hu\/fogorvos\/wp-content\/uploads\/2026\/01\/Lildamed-AI-Asszisztens-768x512.png 768w, http:\/\/lildamed.hu\/fogorvos\/wp-content\/uploads\/2026\/01\/Lildamed-AI-Asszisztens.png 1536w\" sizes=\"(max-width: 272px) 100vw, 272px\" \/><\/a><\/h3>\n<p><a href=\"http:\/\/lildamed.hu\/fogorvos\/wp-content\/uploads\/2020\/06\/lildamed-07.png\"><img decoding=\"async\" loading=\"lazy\" class=\"wp-image-1217 aligncenter\" src=\"http:\/\/lildamed.hu\/fogorvos\/wp-content\/uploads\/2020\/06\/lildamed-07-295x300.png\" alt=\"\" width=\"143\" height=\"146\" srcset=\"http:\/\/lildamed.hu\/fogorvos\/wp-content\/uploads\/2020\/06\/lildamed-07-295x300.png 295w, http:\/\/lildamed.hu\/fogorvos\/wp-content\/uploads\/2020\/06\/lildamed-07.png 366w\" sizes=\"(max-width: 143px) 100vw, 143px\" \/><\/a><\/p>\n","protected":false},"excerpt":{"rendered":"<p>R\u00f6gz\u00edtett k\u00fcls\u0151 fogszab\u00e1lyoz\u00f3 k\u00e9sz\u00fcl\u00e9kek A r\u00f6gz\u00edtett fogszab\u00e1lyoz\u00f3 k\u00e9sz\u00fcl\u00e9k a h\u00e1ts\u00f3 fogakon elhelyezked\u0151 tubusb\u00f3l, vagy gy\u0171r\u0171b\u0151l, a t\u00f6bbi fogra felragasztott piciny z\u00e1rakb\u00f3l (bracket) \u00e9s egy finom \u00edvb\u0151l \u00e1ll. A bracket anyaga v\u00e1laszthat\u00f3. A r\u00f6gz\u00edtett k\u00e9sz\u00fcl\u00e9k lehet f\u00e9m, eszt\u00e9tikus porcel\u00e1n, vagy teljesen \u00e1tl\u00e1tsz\u00f3 zaf\u00edr krist\u00e1ly. Az \u00f6nlig\u00edroz\u00f3 (\u00f6nbek\u00f6t\u0151) brackettek gyorsabb fogmozgat\u00e1st tesznek lehet\u0151v\u00e9. Az eszt\u00e9tikus brackettek szinte \u00e9szrevehetetlenek. A kezel\u00e9s esett\u0151l f\u00fcgg\u0151en kb. 1-2 \u00e9vig tart \u00e9s szoros egy\u00fcttm\u0171k\u00f6d\u00e9st ig\u00e9nyel. Rendszeresen, kb. 4-6 hetente ellen\u0151rizz\u00fck, cser\u00e9lj\u00fck, sz\u00fcks\u00e9g eset\u00e9n tiszt\u00edtjuk a k\u00e9sz\u00fcl\u00e9ket \u00e9s a fogakat. Saj\u00e1t esetek: \u00c1rak&gt;&gt;&gt; Egy \u00f6sszeg\u0171 befizet\u00e9s eset\u00e9n a k\u00e9sz\u00fcl\u00e9kek \u00e1r\u00e1b\u00f3l\u00a010%\u00a0kedvezm\u00e9ny vehet\u0151 ig\u00e9nybe! Kamatmentes r\u00e9szletfizet\u00e9si lehet\u0151s\u00e9g! Kezd\u0151 r\u00e9szlet: Mini<\/p>\n<a class=\"more-link\" rel=\"nofollow\" href=\"http:\/\/lildamed.hu\/fogorvos\/szolgaltatasok-es-arak\/fogszabalyozas\/rogzitett-fogszabalyozo-keszulekek\/\">[Read More...]<\/a>","protected":false},"author":5,"featured_media":0,"parent":61,"menu_order":0,"comment_status":"closed","ping_status":"closed","template":"","meta":[],"_links":{"self":[{"href":"http:\/\/lildamed.hu\/fogorvos\/wp-json\/wp\/v2\/pages\/70"}],"collection":[{"href":"http:\/\/lildamed.hu\/fogorvos\/wp-json\/wp\/v2\/pages"}],"about":[{"href":"http:\/\/lildamed.hu\/fogorvos\/wp-json\/wp\/v2\/types\/page"}],"author":[{"embeddable":true,"href":"http:\/\/lildamed.hu\/fogorvos\/wp-json\/wp\/v2\/users\/5"}],"replies":[{"embeddable":true,"href":"http:\/\/lildamed.hu\/fogorvos\/wp-json\/wp\/v2\/comments?post=70"}],"version-history":[{"count":28,"href":"http:\/\/lildamed.hu\/fogorvos\/wp-json\/wp\/v2\/pages\/70\/revisions"}],"predecessor-version":[{"id":2276,"href":"http:\/\/lildamed.hu\/fogorvos\/wp-json\/wp\/v2\/pages\/70\/revisions\/2276"}],"up":[{"embeddable":true,"href":"http:\/\/lildamed.hu\/fogorvos\/wp-json\/wp\/v2\/pages\/61"}],"wp:attachment":[{"href":"http:\/\/lildamed.hu\/fogorvos\/wp-json\/wp\/v2\/media?parent=70"}],"curies":[{"name":"wp","href":"https:\/\/api.w.org\/{rel}","templated":true}]}}