{"id":74,"date":"2013-12-10T20:28:39","date_gmt":"2013-12-10T20:28:39","guid":{"rendered":"http:\/\/lildamed.hu\/fogorvos\/?page_id=74"},"modified":"2026-01-19T19:05:06","modified_gmt":"2026-01-19T19:05:06","slug":"fogpotlas","status":"publish","type":"page","link":"https:\/\/lildamed.hu\/fogorvos\/szolgaltatasok-es-arak\/fogpotlas\/","title":{"rendered":"Fogp\u00f3tl\u00e1s"},"content":{"rendered":"<h3>Mi\u00e9rt fontos a foghi\u00e1nyok p\u00f3tl\u00e1sa?<\/h3>\n<ul>\n<li>\n<h5><strong><a title=\"Kivehet\u0151 fogp\u00f3tl\u00e1sok\" href=\"http:\/\/lildamed.hu\/fogorvos\/szolgaltatasok-es-arak\/fogpotlas\/kiveheto-fogpotlasok\/\">Kivehet\u0151 fogp\u00f3tl\u00e1sok &gt;&gt;&gt;<\/a><\/strong><\/h5>\n<\/li>\n<li>\n<h5><strong><a title=\"R\u00f6gz\u00edtett fogp\u00f3tl\u00e1sok\" href=\"http:\/\/lildamed.hu\/fogorvos\/szolgaltatasok-es-arak\/fogpotlas\/rogzitett-fogpotlasok\/\">R\u00f6gz\u00edtett fogp\u00f3tl\u00e1sok &gt;&gt;&gt;<\/a><\/strong><\/h5>\n<\/li>\n<\/ul>\n<p style=\"text-align: justify;\"><img decoding=\"async\" loading=\"lazy\" class=\"alignright wp-image-289\" title=\"Fogp\u00f3tl\u00e1s\" src=\"http:\/\/lildamed.hu\/fogorvos\/wp-content\/uploads\/2013\/12\/har1.jpg\" alt=\"Fogp\u00f3tl\u00e1s - Zugl\u00f3\" width=\"212\" height=\"156\" srcset=\"https:\/\/lildamed.hu\/fogorvos\/wp-content\/uploads\/2013\/12\/har1.jpg 526w, https:\/\/lildamed.hu\/fogorvos\/wp-content\/uploads\/2013\/12\/har1-300x221.jpg 300w\" sizes=\"(max-width: 212px) 100vw, 212px\" \/>Az elvesztett fogak p\u00f3tl\u00e1s\u00e1nak rendk\u00edv\u00fcl fontos szerepe van az eg\u00e9szs\u00e9g meg\u0151rz\u00e9se szempontj\u00e1b\u00f3l. A hi\u00e1ny mellet elhelyezked\u0151 fogak t\u00falterhel\u0151dnek, ez meglazul\u00e1sukhoz, elv\u00e1ndorl\u00e1sukhoz, \u00e9s id\u0151 el\u0151tti elveszt\u00e9s\u00fckh\u00f6z vezet. A hi\u00e1nnyal szemben az ellent\u00e9tes \u00e1llcsontban elhelyezked\u0151 fogak id\u0151vel meghosszabbodnak \u201ebel\u00f3gnak\u201d a keletkezett \u00fcregbe. A frontfogak hi\u00e1nya a szembe\u00f6tl\u0151 kedvez\u0151tlen eszt\u00e9tikai hat\u00e1s mellett kiejt\u00e9si, fonetikai zavarokat okoz. Az \u0151rl\u0151fogak f\u00e9loldali hi\u00e1nya az egyik oldalra korl\u00e1toz\u00f3d\u00f3 r\u00e1g\u00e1s miatt az \u00e1llkapocs\u00edz\u00fclet egyenetlen terhel\u00e9s\u00e9hez, \u00e9s id\u0151vel annak betegs\u00e9g\u00e9hez vezet. Mindk\u00e9t oldali \u0151rl\u0151foghi\u00e1ny a falatok nem megfelel\u0151 felapr\u00edt\u00e1s\u00e1hoz, \u00e9s ezen kereszt\u00fcl a gyomor-b\u00e9lrendszer t\u00falterhel\u00e9s\u00e9hez, id\u0151vel betegs\u00e9g\u00e9hez vezet. Ezen folyamatok megel\u0151z\u00e9se \u00e9s meg\u00e1ll\u00edt\u00e1sa c\u00e9lj\u00e1b\u00f3l javasolt a foghi\u00e1nyok miel\u0151bbi p\u00f3tl\u00e1sa.<\/p>\n<p><a href=\"http:\/\/lildamed.hu\/fogorvos\/lildamed-fogorvosi-rendelo-arak-fogszabalyozas-tomes-hej-fogpotlas\/\">\u00c1rak&gt;&gt;&gt;<\/a><a href=\"https:\/\/www.chatbase.co\/chatbot-iframe\/NTwxskpG_O2ifB4Xtu507\"><img decoding=\"async\" loading=\"lazy\" class=\"wp-image-2247 aligncenter\" src=\"http:\/\/lildamed.hu\/fogorvos\/wp-content\/uploads\/2026\/01\/Lildamed-AI-Asszisztens-1024x683.png\" alt=\"\" width=\"272\" height=\"182\" srcset=\"https:\/\/lildamed.hu\/fogorvos\/wp-content\/uploads\/2026\/01\/Lildamed-AI-Asszisztens-1024x683.png 1024w, https:\/\/lildamed.hu\/fogorvos\/wp-content\/uploads\/2026\/01\/Lildamed-AI-Asszisztens-300x200.png 300w, https:\/\/lildamed.hu\/fogorvos\/wp-content\/uploads\/2026\/01\/Lildamed-AI-Asszisztens-768x512.png 768w, https:\/\/lildamed.hu\/fogorvos\/wp-content\/uploads\/2026\/01\/Lildamed-AI-Asszisztens.png 1536w\" sizes=\"(max-width: 272px) 100vw, 272px\" \/><\/a><\/p>\n<p><a href=\"http:\/\/lildamed.hu\/fogorvos\/wp-content\/uploads\/2020\/06\/lildamed-08.png\"><img decoding=\"async\" loading=\"lazy\" class=\" wp-image-1218 aligncenter\" src=\"http:\/\/lildamed.hu\/fogorvos\/wp-content\/uploads\/2020\/06\/lildamed-08-295x300.png\" alt=\"\" width=\"122\" height=\"124\" srcset=\"https:\/\/lildamed.hu\/fogorvos\/wp-content\/uploads\/2020\/06\/lildamed-08-295x300.png 295w, https:\/\/lildamed.hu\/fogorvos\/wp-content\/uploads\/2020\/06\/lildamed-08.png 366w\" sizes=\"(max-width: 122px) 100vw, 122px\" \/><\/a><\/p>\n","protected":false},"excerpt":{"rendered":"<p>Mi\u00e9rt fontos a foghi\u00e1nyok p\u00f3tl\u00e1sa? Kivehet\u0151 fogp\u00f3tl\u00e1sok &gt;&gt;&gt; R\u00f6gz\u00edtett fogp\u00f3tl\u00e1sok &gt;&gt;&gt; Az elvesztett fogak p\u00f3tl\u00e1s\u00e1nak rendk\u00edv\u00fcl fontos szerepe van az eg\u00e9szs\u00e9g meg\u0151rz\u00e9se szempontj\u00e1b\u00f3l. A hi\u00e1ny mellet elhelyezked\u0151 fogak t\u00falterhel\u0151dnek, ez meglazul\u00e1sukhoz, elv\u00e1ndorl\u00e1sukhoz, \u00e9s id\u0151 el\u0151tti elveszt\u00e9s\u00fckh\u00f6z vezet. A hi\u00e1nnyal szemben az ellent\u00e9tes \u00e1llcsontban elhelyezked\u0151 fogak id\u0151vel meghosszabbodnak \u201ebel\u00f3gnak\u201d a keletkezett \u00fcregbe. A frontfogak hi\u00e1nya a szembe\u00f6tl\u0151 kedvez\u0151tlen eszt\u00e9tikai hat\u00e1s mellett kiejt\u00e9si, fonetikai zavarokat okoz. Az \u0151rl\u0151fogak f\u00e9loldali hi\u00e1nya az egyik oldalra korl\u00e1toz\u00f3d\u00f3 r\u00e1g\u00e1s miatt az \u00e1llkapocs\u00edz\u00fclet egyenetlen terhel\u00e9s\u00e9hez, \u00e9s id\u0151vel annak betegs\u00e9g\u00e9hez vezet. Mindk\u00e9t oldali \u0151rl\u0151foghi\u00e1ny a falatok nem megfelel\u0151 felapr\u00edt\u00e1s\u00e1hoz, \u00e9s ezen kereszt\u00fcl a gyomor-b\u00e9lrendszer t\u00falterhel\u00e9s\u00e9hez, id\u0151vel betegs\u00e9g\u00e9hez vezet.<\/p>\n<a class=\"more-link\" rel=\"nofollow\" href=\"https:\/\/lildamed.hu\/fogorvos\/szolgaltatasok-es-arak\/fogpotlas\/\">[Read More...]<\/a>","protected":false},"author":5,"featured_media":0,"parent":7,"menu_order":0,"comment_status":"closed","ping_status":"closed","template":"","meta":[],"_links":{"self":[{"href":"https:\/\/lildamed.hu\/fogorvos\/wp-json\/wp\/v2\/pages\/74"}],"collection":[{"href":"https:\/\/lildamed.hu\/fogorvos\/wp-json\/wp\/v2\/pages"}],"about":[{"href":"https:\/\/lildamed.hu\/fogorvos\/wp-json\/wp\/v2\/types\/page"}],"author":[{"embeddable":true,"href":"https:\/\/lildamed.hu\/fogorvos\/wp-json\/wp\/v2\/users\/5"}],"replies":[{"embeddable":true,"href":"https:\/\/lildamed.hu\/fogorvos\/wp-json\/wp\/v2\/comments?post=74"}],"version-history":[{"count":7,"href":"https:\/\/lildamed.hu\/fogorvos\/wp-json\/wp\/v2\/pages\/74\/revisions"}],"predecessor-version":[{"id":2266,"href":"https:\/\/lildamed.hu\/fogorvos\/wp-json\/wp\/v2\/pages\/74\/revisions\/2266"}],"up":[{"embeddable":true,"href":"https:\/\/lildamed.hu\/fogorvos\/wp-json\/wp\/v2\/pages\/7"}],"wp:attachment":[{"href":"https:\/\/lildamed.hu\/fogorvos\/wp-json\/wp\/v2\/media?parent=74"}],"curies":[{"name":"wp","href":"https:\/\/api.w.org\/{rel}","templated":true}]}}